{"version":"1.0","provider_name":"El Diario de Tucuman","provider_url":"https:\/\/www.eldiariodetucuman.com\/web","title":"Yedlin resalt\u00f3 que la Provincia est\u00e1 ordenada y no tiene deudas - El Diario de Tucuman","type":"rich","width":600,"height":338,"html":"<blockquote class=\"wp-embedded-content\" data-secret=\"PWimgwgyC1\"><a href=\"https:\/\/www.eldiariodetucuman.com\/web\/yedlin-resalto-la-provincia-esta-ordenada-no-deudas\/\">Yedlin resalt\u00f3 que la Provincia est\u00e1 ordenada y no tiene deudas<\/a><\/blockquote><iframe sandbox=\"allow-scripts\" security=\"restricted\" src=\"https:\/\/www.eldiariodetucuman.com\/web\/yedlin-resalto-la-provincia-esta-ordenada-no-deudas\/embed\/#?secret=PWimgwgyC1\" width=\"600\" height=\"338\" title=\"\u00abYedlin resalt\u00f3 que la Provincia est\u00e1 ordenada y no tiene deudas\u00bb \u2014 El Diario de Tucuman\" data-secret=\"PWimgwgyC1\" frameborder=\"0\" marginwidth=\"0\" marginheight=\"0\" scrolling=\"no\" class=\"wp-embedded-content\"><\/iframe><script type=\"text\/javascript\">\n\/* <![CDATA[ *\/\n\/*! This file is auto-generated *\/\n!function(d,l){\"use strict\";l.querySelector&&d.addEventListener&&\"undefined\"!=typeof URL&&(d.wp=d.wp||{},d.wp.receiveEmbedMessage||(d.wp.receiveEmbedMessage=function(e){var t=e.data;if((t||t.secret||t.message||t.value)&&!\/[^a-zA-Z0-9]\/.test(t.secret)){for(var s,r,n,a=l.querySelectorAll('iframe[data-secret=\"'+t.secret+'\"]'),o=l.querySelectorAll('blockquote[data-secret=\"'+t.secret+'\"]'),c=new RegExp(\"^https?:$\",\"i\"),i=0;i<o.length;i++)o[i].style.display=\"none\";for(i=0;i<a.length;i++)s=a[i],e.source===s.contentWindow&&(s.removeAttribute(\"style\"),\"height\"===t.message?(1e3<(r=parseInt(t.value,10))?r=1e3:~~r<200&&(r=200),s.height=r):\"link\"===t.message&&(r=new URL(s.getAttribute(\"src\")),n=new URL(t.value),c.test(n.protocol))&&n.host===r.host&&l.activeElement===s&&(d.top.location.href=t.value))}},d.addEventListener(\"message\",d.wp.receiveEmbedMessage,!1),l.addEventListener(\"DOMContentLoaded\",function(){for(var e,t,s=l.querySelectorAll(\"iframe.wp-embedded-content\"),r=0;r<s.length;r++)(t=(e=s[r]).getAttribute(\"data-secret\"))||(t=Math.random().toString(36).substring(2,12),e.src+=\"#?secret=\"+t,e.setAttribute(\"data-secret\",t)),e.contentWindow.postMessage({message:\"ready\",secret:t},\"*\")},!1)))}(window,document);\n\/\/# sourceURL=https:\/\/www.eldiariodetucuman.com\/web\/wp-includes\/js\/wp-embed.min.js\n\/* ]]> *\/\n<\/script>\n","thumbnail_url":"https:\/\/www.eldiariodetucuman.com\/web\/wp-content\/uploads\/2017\/12\/16cc082ac7b4249a5bc14cfb956ceeef.jpeg","thumbnail_width":750,"thumbnail_height":416,"description":"El diputado nacional por Tucum\u00e1n, Pablo Yedlin, asumi\u00f3 recientemente en su banca. Pero a lo largo de los dos a\u00f1os de la gesti\u00f3n del gobernador Juan Manzur, se desempe\u00f1\u00f3 como secretario General de la Gobernaci\u00f3n. En este marco realiz\u00f3 un balance de a\u00f1o. Terminamos un a\u00f1o dif\u00edcil, donde los argentinos pasamos muchas zozobras, con tarifas [&hellip;]"}

Yedlin resaltó que la Provincia está ordenada y no tiene deudas - El Diario de Tucuman

<blockquote class="wp-embedded-content" data-secret="PWimgwgyC1"><a href="https://www.eldiariodetucuman.com/web/yedlin-resalto-la-provincia-esta-ordenada-no-deudas/">Yedlin resaltó que la Provincia está ordenada y no tiene deudas</a></blockquote><iframe sandbox="allow-scripts" security="restricted" src="https://www.eldiariodetucuman.com/web/yedlin-resalto-la-provincia-esta-ordenada-no-deudas/embed/#?secret=PWimgwgyC1" width="600" height="338" title="«Yedlin resaltó que la Provincia está ordenada y no tiene deudas» — El Diario de Tucuman" data-secret="PWimgwgyC1" frameborder="0" marginwidth="0" marginheight="0" scrolling="no" class="wp-embedded-content"></iframe><script type="text/javascript">
/* <![CDATA[ */
/*! This file is auto-generated */
!function(d,l){"use strict";l.querySelector&&d.addEventListener&&"undefined"!=typeof URL&&(d.wp=d.wp||{},d.wp.receiveEmbedMessage||(d.wp.receiveEmbedMessage=function(e){var t=e.data;if((t||t.secret||t.message||t.value)&&!/[^a-zA-Z0-9]/.test(t.secret)){for(var s,r,n,a=l.querySelectorAll('iframe[data-secret="'+t.secret+'"]'),o=l.querySelectorAll('blockquote[data-secret="'+t.secret+'"]'),c=new RegExp("^https?:$","i"),i=0;i<o.length;i++)o[i].style.display="none";for(i=0;i<a.length;i++)s=a[i],e.source===s.contentWindow&&(s.removeAttribute("style"),"height"===t.message?(1e3<(r=parseInt(t.value,10))?r=1e3:~~r<200&&(r=200),s.height=r):"link"===t.message&&(r=new URL(s.getAttribute("src")),n=new URL(t.value),c.test(n.protocol))&&n.host===r.host&&l.activeElement===s&&(d.top.location.href=t.value))}},d.addEventListener("message",d.wp.receiveEmbedMessage,!1),l.addEventListener("DOMContentLoaded",function(){for(var e,t,s=l.querySelectorAll("iframe.wp-embedded-content"),r=0;r<s.length;r++)(t=(e=s[r]).getAttribute("data-secret"))||(t=Math.random().toString(36).substring(2,12),e.src+="#?secret="+t,e.setAttribute("data-secret",t)),e.contentWindow.postMessage({message:"ready",secret:t},"*")},!1)))}(window,document);
//# sourceURL=https://www.eldiariodetucuman.com/web/wp-includes/js/wp-embed.min.js
/* ]]> */
</script>

El diputado nacional por Tucumán, Pablo Yedlin, asumió recientemente en su banca. Pero a lo largo de los dos años de la gestión del gobernador Juan Manzur, se desempeñó como secretario General de la Gobernación. En este marco realizó un balance de año. Terminamos un año difícil, donde los argentinos pasamos muchas zozobras, con tarifas [&hellip;]
