{"version":"1.0","provider_name":"El Diario de Tucuman","provider_url":"https:\/\/www.eldiariodetucuman.com\/web","title":"Un verano para visitar Tafi del Valle - El Diario de Tucuman","type":"rich","width":600,"height":338,"html":"<blockquote class=\"wp-embedded-content\" data-secret=\"XE6hUelJ2W\"><a href=\"https:\/\/www.eldiariodetucuman.com\/web\/un-verano-para-visitar-tafi-del-valle\/\">Un verano para visitar Tafi del Valle<\/a><\/blockquote><iframe sandbox=\"allow-scripts\" security=\"restricted\" src=\"https:\/\/www.eldiariodetucuman.com\/web\/un-verano-para-visitar-tafi-del-valle\/embed\/#?secret=XE6hUelJ2W\" width=\"600\" height=\"338\" title=\"\u00abUn verano para visitar Tafi del Valle\u00bb \u2014 El Diario de Tucuman\" data-secret=\"XE6hUelJ2W\" frameborder=\"0\" marginwidth=\"0\" marginheight=\"0\" scrolling=\"no\" class=\"wp-embedded-content\"><\/iframe><script type=\"text\/javascript\">\n\/* <![CDATA[ *\/\n\/*! This file is auto-generated *\/\n!function(d,l){\"use strict\";l.querySelector&&d.addEventListener&&\"undefined\"!=typeof URL&&(d.wp=d.wp||{},d.wp.receiveEmbedMessage||(d.wp.receiveEmbedMessage=function(e){var t=e.data;if((t||t.secret||t.message||t.value)&&!\/[^a-zA-Z0-9]\/.test(t.secret)){for(var s,r,n,a=l.querySelectorAll('iframe[data-secret=\"'+t.secret+'\"]'),o=l.querySelectorAll('blockquote[data-secret=\"'+t.secret+'\"]'),c=new RegExp(\"^https?:$\",\"i\"),i=0;i<o.length;i++)o[i].style.display=\"none\";for(i=0;i<a.length;i++)s=a[i],e.source===s.contentWindow&&(s.removeAttribute(\"style\"),\"height\"===t.message?(1e3<(r=parseInt(t.value,10))?r=1e3:~~r<200&&(r=200),s.height=r):\"link\"===t.message&&(r=new URL(s.getAttribute(\"src\")),n=new URL(t.value),c.test(n.protocol))&&n.host===r.host&&l.activeElement===s&&(d.top.location.href=t.value))}},d.addEventListener(\"message\",d.wp.receiveEmbedMessage,!1),l.addEventListener(\"DOMContentLoaded\",function(){for(var e,t,s=l.querySelectorAll(\"iframe.wp-embedded-content\"),r=0;r<s.length;r++)(t=(e=s[r]).getAttribute(\"data-secret\"))||(t=Math.random().toString(36).substring(2,12),e.src+=\"#?secret=\"+t,e.setAttribute(\"data-secret\",t)),e.contentWindow.postMessage({message:\"ready\",secret:t},\"*\")},!1)))}(window,document);\n\/\/# sourceURL=https:\/\/www.eldiariodetucuman.com\/web\/wp-includes\/js\/wp-embed.min.js\n\/* ]]> *\/\n<\/script>\n","thumbnail_url":"https:\/\/www.eldiariodetucuman.com\/web\/wp-content\/uploads\/2015\/12\/descarga.jpg","thumbnail_width":259,"thumbnail_height":194,"description":"El preside Ente Aut\u00e1rquico Tucum\u00e1n Turismo (EATT), Sebasti\u00e1n Giobellina, junto al Intendente de Taf\u00ed del Valle, Jorge Yapura Astorga, lanzaron la temporada de \u201cVerano 2016\u201d, de la villa veraniega que comenzar\u00e1 este s\u00e1bado con una gala frente al edificio municipal."}

El preside Ente Autárquico Tucumán Turismo (EATT), Sebastián Giobellina, junto al Intendente de Tafí del Valle, Jorge Yapura Astorga, lanzaron la temporada de “Verano 2016”, de la villa veraniega que comenzará este sábado con una gala frente al edificio municipal.
