{"version":"1.0","provider_name":"El Diario de Tucuman","provider_url":"https:\/\/www.eldiariodetucuman.com\/web","title":"Tres muertos por la ola polar en Francia - El Diario de Tucuman","type":"rich","width":600,"height":338,"html":"<blockquote class=\"wp-embedded-content\" data-secret=\"e7PP0DqHM1\"><a href=\"https:\/\/www.eldiariodetucuman.com\/web\/tres-muertos-por-la-ola-polar-en-francia\/\">Tres muertos por la ola polar en Francia<\/a><\/blockquote><iframe sandbox=\"allow-scripts\" security=\"restricted\" src=\"https:\/\/www.eldiariodetucuman.com\/web\/tres-muertos-por-la-ola-polar-en-francia\/embed\/#?secret=e7PP0DqHM1\" width=\"600\" height=\"338\" title=\"\u00abTres muertos por la ola polar en Francia\u00bb \u2014 El Diario de Tucuman\" data-secret=\"e7PP0DqHM1\" frameborder=\"0\" marginwidth=\"0\" marginheight=\"0\" scrolling=\"no\" class=\"wp-embedded-content\"><\/iframe><script type=\"text\/javascript\">\n\/* <![CDATA[ *\/\n\/*! This file is auto-generated *\/\n!function(d,l){\"use strict\";l.querySelector&&d.addEventListener&&\"undefined\"!=typeof URL&&(d.wp=d.wp||{},d.wp.receiveEmbedMessage||(d.wp.receiveEmbedMessage=function(e){var t=e.data;if((t||t.secret||t.message||t.value)&&!\/[^a-zA-Z0-9]\/.test(t.secret)){for(var s,r,n,a=l.querySelectorAll('iframe[data-secret=\"'+t.secret+'\"]'),o=l.querySelectorAll('blockquote[data-secret=\"'+t.secret+'\"]'),c=new RegExp(\"^https?:$\",\"i\"),i=0;i<o.length;i++)o[i].style.display=\"none\";for(i=0;i<a.length;i++)s=a[i],e.source===s.contentWindow&&(s.removeAttribute(\"style\"),\"height\"===t.message?(1e3<(r=parseInt(t.value,10))?r=1e3:~~r<200&&(r=200),s.height=r):\"link\"===t.message&&(r=new URL(s.getAttribute(\"src\")),n=new URL(t.value),c.test(n.protocol))&&n.host===r.host&&l.activeElement===s&&(d.top.location.href=t.value))}},d.addEventListener(\"message\",d.wp.receiveEmbedMessage,!1),l.addEventListener(\"DOMContentLoaded\",function(){for(var e,t,s=l.querySelectorAll(\"iframe.wp-embedded-content\"),r=0;r<s.length;r++)(t=(e=s[r]).getAttribute(\"data-secret\"))||(t=Math.random().toString(36).substring(2,12),e.src+=\"#?secret=\"+t,e.setAttribute(\"data-secret\",t)),e.contentWindow.postMessage({message:\"ready\",secret:t},\"*\")},!1)))}(window,document);\n\/\/# sourceURL=https:\/\/www.eldiariodetucuman.com\/web\/wp-includes\/js\/wp-embed.min.js\n\/* ]]> *\/\n<\/script>\n","thumbnail_url":"https:\/\/www.eldiariodetucuman.com\/web\/wp-content\/uploads\/2018\/02\/feb08c3e67265f334c352c9fdaa871f6.jpeg","thumbnail_width":970,"thumbnail_height":546,"description":"El intenso fr\u00edo que afecta a gran parte del continente europeo provoc\u00f3 la muerte de al menos tres personas en situaci\u00f3n de calle en Francia y genera inconvenientes en los servicios de trenes, aviones y hasta dificulta la circulaci\u00f3n por las rutas de las principales ciudades. En varias localidades francesas, la temperatura descendi\u00f3 hasta los [&hellip;]"}

El intenso frío que afecta a gran parte del continente europeo provocó la muerte de al menos tres personas en situación de calle en Francia y genera inconvenientes en los servicios de trenes, aviones y hasta dificulta la circulación por las rutas de las principales ciudades. En varias localidades francesas, la temperatura descendió hasta los [&hellip;]
