{"version":"1.0","provider_name":"El Diario de Tucuman","provider_url":"https:\/\/www.eldiariodetucuman.com\/web","title":"\u201cSomos agradecidos de nuestra familia educativa\u201d - El Diario de Tucuman","type":"rich","width":600,"height":338,"html":"<blockquote class=\"wp-embedded-content\" data-secret=\"KXgO7zPNcq\"><a href=\"https:\/\/www.eldiariodetucuman.com\/web\/somos-agradecidos-de-nuestra-familia-educativa\/\">\u201cSomos agradecidos de nuestra familia educativa\u201d<\/a><\/blockquote><iframe sandbox=\"allow-scripts\" security=\"restricted\" src=\"https:\/\/www.eldiariodetucuman.com\/web\/somos-agradecidos-de-nuestra-familia-educativa\/embed\/#?secret=KXgO7zPNcq\" width=\"600\" height=\"338\" title=\"\u00ab\u201cSomos agradecidos de nuestra familia educativa\u201d\u00bb \u2014 El Diario de Tucuman\" data-secret=\"KXgO7zPNcq\" frameborder=\"0\" marginwidth=\"0\" marginheight=\"0\" scrolling=\"no\" class=\"wp-embedded-content\"><\/iframe><script type=\"text\/javascript\">\n\/* <![CDATA[ *\/\n\/*! This file is auto-generated *\/\n!function(d,l){\"use strict\";l.querySelector&&d.addEventListener&&\"undefined\"!=typeof URL&&(d.wp=d.wp||{},d.wp.receiveEmbedMessage||(d.wp.receiveEmbedMessage=function(e){var t=e.data;if((t||t.secret||t.message||t.value)&&!\/[^a-zA-Z0-9]\/.test(t.secret)){for(var s,r,n,a=l.querySelectorAll('iframe[data-secret=\"'+t.secret+'\"]'),o=l.querySelectorAll('blockquote[data-secret=\"'+t.secret+'\"]'),c=new RegExp(\"^https?:$\",\"i\"),i=0;i<o.length;i++)o[i].style.display=\"none\";for(i=0;i<a.length;i++)s=a[i],e.source===s.contentWindow&&(s.removeAttribute(\"style\"),\"height\"===t.message?(1e3<(r=parseInt(t.value,10))?r=1e3:~~r<200&&(r=200),s.height=r):\"link\"===t.message&&(r=new URL(s.getAttribute(\"src\")),n=new URL(t.value),c.test(n.protocol))&&n.host===r.host&&l.activeElement===s&&(d.top.location.href=t.value))}},d.addEventListener(\"message\",d.wp.receiveEmbedMessage,!1),l.addEventListener(\"DOMContentLoaded\",function(){for(var e,t,s=l.querySelectorAll(\"iframe.wp-embedded-content\"),r=0;r<s.length;r++)(t=(e=s[r]).getAttribute(\"data-secret\"))||(t=Math.random().toString(36).substring(2,12),e.src+=\"#?secret=\"+t,e.setAttribute(\"data-secret\",t)),e.contentWindow.postMessage({message:\"ready\",secret:t},\"*\")},!1)))}(window,document);\n\/\/# sourceURL=https:\/\/www.eldiariodetucuman.com\/web\/wp-includes\/js\/wp-embed.min.js\n\/* ]]> *\/\n<\/script>\n","thumbnail_url":"https:\/\/www.eldiariodetucuman.com\/web\/wp-content\/uploads\/2018\/03\/7f71ca039f6f029a5ad94b9e90a67c95.jpeg","thumbnail_width":300,"thumbnail_height":166,"description":"Siguiendo el calendario, hoy deber\u00edan iniciarse normalmente las clases en las 23 provincias pero s\u00f3lo siete tienen garantizado el inicio del ciclo lectivo. Tucum\u00e1n es una de ellas. Tras concluir el per\u00edodo de ambientaci\u00f3n iniciado el pasado jueves,\u00a0este lunes miles de\u00a0alumnos volvieron a las aulas de todas las escuelas, privadas y estatales, de la provincia. [&hellip;]"}

Siguiendo el calendario, hoy deberían iniciarse normalmente las clases en las 23 provincias pero sólo siete tienen garantizado el inicio del ciclo lectivo. Tucumán es una de ellas. Tras concluir el período de ambientación iniciado el pasado jueves, este lunes miles de alumnos volvieron a las aulas de todas las escuelas, privadas y estatales, de la provincia. [&hellip;]
