{"version":"1.0","provider_name":"El Diario de Tucuman","provider_url":"https:\/\/www.eldiariodetucuman.com\/web","title":"Ringo Starr reivindica la paz, ahora como Sir - El Diario de Tucuman","type":"rich","width":600,"height":338,"html":"<blockquote class=\"wp-embedded-content\" data-secret=\"4WTiSfUGUV\"><a href=\"https:\/\/www.eldiariodetucuman.com\/web\/ringo-starr-reivindica-la-paz-ahora-como-sir\/\">Ringo Starr reivindica la paz, ahora como Sir<\/a><\/blockquote><iframe sandbox=\"allow-scripts\" security=\"restricted\" src=\"https:\/\/www.eldiariodetucuman.com\/web\/ringo-starr-reivindica-la-paz-ahora-como-sir\/embed\/#?secret=4WTiSfUGUV\" width=\"600\" height=\"338\" title=\"\u00abRingo Starr reivindica la paz, ahora como Sir\u00bb \u2014 El Diario de Tucuman\" data-secret=\"4WTiSfUGUV\" frameborder=\"0\" marginwidth=\"0\" marginheight=\"0\" scrolling=\"no\" class=\"wp-embedded-content\"><\/iframe><script type=\"text\/javascript\">\n\/* <![CDATA[ *\/\n\/*! This file is auto-generated *\/\n!function(d,l){\"use strict\";l.querySelector&&d.addEventListener&&\"undefined\"!=typeof URL&&(d.wp=d.wp||{},d.wp.receiveEmbedMessage||(d.wp.receiveEmbedMessage=function(e){var t=e.data;if((t||t.secret||t.message||t.value)&&!\/[^a-zA-Z0-9]\/.test(t.secret)){for(var s,r,n,a=l.querySelectorAll('iframe[data-secret=\"'+t.secret+'\"]'),o=l.querySelectorAll('blockquote[data-secret=\"'+t.secret+'\"]'),c=new RegExp(\"^https?:$\",\"i\"),i=0;i<o.length;i++)o[i].style.display=\"none\";for(i=0;i<a.length;i++)s=a[i],e.source===s.contentWindow&&(s.removeAttribute(\"style\"),\"height\"===t.message?(1e3<(r=parseInt(t.value,10))?r=1e3:~~r<200&&(r=200),s.height=r):\"link\"===t.message&&(r=new URL(s.getAttribute(\"src\")),n=new URL(t.value),c.test(n.protocol))&&n.host===r.host&&l.activeElement===s&&(d.top.location.href=t.value))}},d.addEventListener(\"message\",d.wp.receiveEmbedMessage,!1),l.addEventListener(\"DOMContentLoaded\",function(){for(var e,t,s=l.querySelectorAll(\"iframe.wp-embedded-content\"),r=0;r<s.length;r++)(t=(e=s[r]).getAttribute(\"data-secret\"))||(t=Math.random().toString(36).substring(2,12),e.src+=\"#?secret=\"+t,e.setAttribute(\"data-secret\",t)),e.contentWindow.postMessage({message:\"ready\",secret:t},\"*\")},!1)))}(window,document);\n\/\/# sourceURL=https:\/\/www.eldiariodetucuman.com\/web\/wp-includes\/js\/wp-embed.min.js\n\/* ]]> *\/\n<\/script>\n","thumbnail_url":"https:\/\/www.eldiariodetucuman.com\/web\/wp-content\/uploads\/2018\/03\/e3664abad1d2cb6ed13a931508a0ce99.jpeg","thumbnail_width":710,"thumbnail_height":1080,"description":"Los dedos en V en se\u00f1al de paz es la expresi\u00f3n que eligi\u00f3 Ringo Starr para celebrar su consagraci\u00f3n como Caballero del Imperio Brit\u00e1nico. A las puertas del palacio de Buckingham, donde recibi\u00f3 la distinci\u00f3n de manos del pr\u00edncipe Guillermo, el m\u00fasico de 77 a\u00f1os estren\u00f3 su t\u00edtulo de Sir con esa pose y en [&hellip;]"}

Los dedos en V en señal de paz es la expresión que eligió Ringo Starr para celebrar su consagración como Caballero del Imperio Británico. A las puertas del palacio de Buckingham, donde recibió la distinción de manos del príncipe Guillermo, el músico de 77 años estrenó su título de Sir con esa pose y en [&hellip;]
