{"version":"1.0","provider_name":"El Diario de Tucuman","provider_url":"https:\/\/www.eldiariodetucuman.com\/web","title":"Provincia evitar\u00e1 un aumento de 250 % al transporte - El Diario de Tucuman","type":"rich","width":600,"height":338,"html":"<blockquote class=\"wp-embedded-content\" data-secret=\"mpevseCMaM\"><a href=\"https:\/\/www.eldiariodetucuman.com\/web\/provincia-evitara-un-aumento-de-250-al-transporte\/\">Provincia evitar\u00e1 un aumento de 250 % al transporte<\/a><\/blockquote><iframe sandbox=\"allow-scripts\" security=\"restricted\" src=\"https:\/\/www.eldiariodetucuman.com\/web\/provincia-evitara-un-aumento-de-250-al-transporte\/embed\/#?secret=mpevseCMaM\" width=\"600\" height=\"338\" title=\"\u00abProvincia evitar\u00e1 un aumento de 250 % al transporte\u00bb \u2014 El Diario de Tucuman\" data-secret=\"mpevseCMaM\" frameborder=\"0\" marginwidth=\"0\" marginheight=\"0\" scrolling=\"no\" class=\"wp-embedded-content\"><\/iframe><script type=\"text\/javascript\">\n\/* <![CDATA[ *\/\n\/*! This file is auto-generated *\/\n!function(d,l){\"use strict\";l.querySelector&&d.addEventListener&&\"undefined\"!=typeof URL&&(d.wp=d.wp||{},d.wp.receiveEmbedMessage||(d.wp.receiveEmbedMessage=function(e){var t=e.data;if((t||t.secret||t.message||t.value)&&!\/[^a-zA-Z0-9]\/.test(t.secret)){for(var s,r,n,a=l.querySelectorAll('iframe[data-secret=\"'+t.secret+'\"]'),o=l.querySelectorAll('blockquote[data-secret=\"'+t.secret+'\"]'),c=new RegExp(\"^https?:$\",\"i\"),i=0;i<o.length;i++)o[i].style.display=\"none\";for(i=0;i<a.length;i++)s=a[i],e.source===s.contentWindow&&(s.removeAttribute(\"style\"),\"height\"===t.message?(1e3<(r=parseInt(t.value,10))?r=1e3:~~r<200&&(r=200),s.height=r):\"link\"===t.message&&(r=new URL(s.getAttribute(\"src\")),n=new URL(t.value),c.test(n.protocol))&&n.host===r.host&&l.activeElement===s&&(d.top.location.href=t.value))}},d.addEventListener(\"message\",d.wp.receiveEmbedMessage,!1),l.addEventListener(\"DOMContentLoaded\",function(){for(var e,t,s=l.querySelectorAll(\"iframe.wp-embedded-content\"),r=0;r<s.length;r++)(t=(e=s[r]).getAttribute(\"data-secret\"))||(t=Math.random().toString(36).substring(2,12),e.src+=\"#?secret=\"+t,e.setAttribute(\"data-secret\",t)),e.contentWindow.postMessage({message:\"ready\",secret:t},\"*\")},!1)))}(window,document);\n\/\/# sourceURL=https:\/\/www.eldiariodetucuman.com\/web\/wp-includes\/js\/wp-embed.min.js\n\/* ]]> *\/\n<\/script>\n","thumbnail_url":"https:\/\/www.eldiariodetucuman.com\/web\/wp-content\/uploads\/2018\/11\/4c4f14dddd3c255c68abd8546e2fcad8.jpeg","thumbnail_width":300,"thumbnail_height":166,"description":"El vicegobernador, a cargo del Poder Ejecutivo, Osvaldo Jaldo, visit\u00f3, este mi\u00e9rcoles Concepci\u00f3n y asegur\u00f3 que ante la decisi\u00f3n de Naci\u00f3n de quitar subsidios al transporte la Provincia se har\u00e1 cargo evitando un desmedido aumento en el boleto. \u201cEl transporte p\u00fablico es un servicio p\u00fablico, usado por la mayor\u00eda de la sociedad, por eso quienes [&hellip;]"}

Provincia evitará un aumento de 250 % al transporte - El Diario de Tucuman

<blockquote class="wp-embedded-content" data-secret="mpevseCMaM"><a href="https://www.eldiariodetucuman.com/web/provincia-evitara-un-aumento-de-250-al-transporte/">Provincia evitará un aumento de 250 % al transporte</a></blockquote><iframe sandbox="allow-scripts" security="restricted" src="https://www.eldiariodetucuman.com/web/provincia-evitara-un-aumento-de-250-al-transporte/embed/#?secret=mpevseCMaM" width="600" height="338" title="«Provincia evitará un aumento de 250 % al transporte» — El Diario de Tucuman" data-secret="mpevseCMaM" frameborder="0" marginwidth="0" marginheight="0" scrolling="no" class="wp-embedded-content"></iframe><script type="text/javascript">
/* <![CDATA[ */
/*! This file is auto-generated */
!function(d,l){"use strict";l.querySelector&&d.addEventListener&&"undefined"!=typeof URL&&(d.wp=d.wp||{},d.wp.receiveEmbedMessage||(d.wp.receiveEmbedMessage=function(e){var t=e.data;if((t||t.secret||t.message||t.value)&&!/[^a-zA-Z0-9]/.test(t.secret)){for(var s,r,n,a=l.querySelectorAll('iframe[data-secret="'+t.secret+'"]'),o=l.querySelectorAll('blockquote[data-secret="'+t.secret+'"]'),c=new RegExp("^https?:$","i"),i=0;i<o.length;i++)o[i].style.display="none";for(i=0;i<a.length;i++)s=a[i],e.source===s.contentWindow&&(s.removeAttribute("style"),"height"===t.message?(1e3<(r=parseInt(t.value,10))?r=1e3:~~r<200&&(r=200),s.height=r):"link"===t.message&&(r=new URL(s.getAttribute("src")),n=new URL(t.value),c.test(n.protocol))&&n.host===r.host&&l.activeElement===s&&(d.top.location.href=t.value))}},d.addEventListener("message",d.wp.receiveEmbedMessage,!1),l.addEventListener("DOMContentLoaded",function(){for(var e,t,s=l.querySelectorAll("iframe.wp-embedded-content"),r=0;r<s.length;r++)(t=(e=s[r]).getAttribute("data-secret"))||(t=Math.random().toString(36).substring(2,12),e.src+="#?secret="+t,e.setAttribute("data-secret",t)),e.contentWindow.postMessage({message:"ready",secret:t},"*")},!1)))}(window,document);
//# sourceURL=https://www.eldiariodetucuman.com/web/wp-includes/js/wp-embed.min.js
/* ]]> */
</script>

El vicegobernador, a cargo del Poder Ejecutivo, Osvaldo Jaldo, visitó, este miércoles Concepción y aseguró que ante la decisión de Nación de quitar subsidios al transporte la Provincia se hará cargo evitando un desmedido aumento en el boleto. “El transporte público es un servicio público, usado por la mayoría de la sociedad, por eso quienes [&hellip;]
