{"version":"1.0","provider_name":"El Diario de Tucuman","provider_url":"https:\/\/www.eldiariodetucuman.com\/web","title":"Manzur recibir\u00e1 al Vicepresidente de Paraguay - El Diario de Tucuman","type":"rich","width":600,"height":338,"html":"<blockquote class=\"wp-embedded-content\" data-secret=\"hL3jy9H5Vo\"><a href=\"https:\/\/www.eldiariodetucuman.com\/web\/manzur-recibira-al-vicepresidente-de-paraguay\/\">Manzur recibir\u00e1 al Vicepresidente de Paraguay<\/a><\/blockquote><iframe sandbox=\"allow-scripts\" security=\"restricted\" src=\"https:\/\/www.eldiariodetucuman.com\/web\/manzur-recibira-al-vicepresidente-de-paraguay\/embed\/#?secret=hL3jy9H5Vo\" width=\"600\" height=\"338\" title=\"\u00abManzur recibir\u00e1 al Vicepresidente de Paraguay\u00bb \u2014 El Diario de Tucuman\" data-secret=\"hL3jy9H5Vo\" frameborder=\"0\" marginwidth=\"0\" marginheight=\"0\" scrolling=\"no\" class=\"wp-embedded-content\"><\/iframe><script type=\"text\/javascript\">\n\/* <![CDATA[ *\/\n\/*! This file is auto-generated *\/\n!function(d,l){\"use strict\";l.querySelector&&d.addEventListener&&\"undefined\"!=typeof URL&&(d.wp=d.wp||{},d.wp.receiveEmbedMessage||(d.wp.receiveEmbedMessage=function(e){var t=e.data;if((t||t.secret||t.message||t.value)&&!\/[^a-zA-Z0-9]\/.test(t.secret)){for(var s,r,n,a=l.querySelectorAll('iframe[data-secret=\"'+t.secret+'\"]'),o=l.querySelectorAll('blockquote[data-secret=\"'+t.secret+'\"]'),c=new RegExp(\"^https?:$\",\"i\"),i=0;i<o.length;i++)o[i].style.display=\"none\";for(i=0;i<a.length;i++)s=a[i],e.source===s.contentWindow&&(s.removeAttribute(\"style\"),\"height\"===t.message?(1e3<(r=parseInt(t.value,10))?r=1e3:~~r<200&&(r=200),s.height=r):\"link\"===t.message&&(r=new URL(s.getAttribute(\"src\")),n=new URL(t.value),c.test(n.protocol))&&n.host===r.host&&l.activeElement===s&&(d.top.location.href=t.value))}},d.addEventListener(\"message\",d.wp.receiveEmbedMessage,!1),l.addEventListener(\"DOMContentLoaded\",function(){for(var e,t,s=l.querySelectorAll(\"iframe.wp-embedded-content\"),r=0;r<s.length;r++)(t=(e=s[r]).getAttribute(\"data-secret\"))||(t=Math.random().toString(36).substring(2,12),e.src+=\"#?secret=\"+t,e.setAttribute(\"data-secret\",t)),e.contentWindow.postMessage({message:\"ready\",secret:t},\"*\")},!1)))}(window,document);\n\/\/# sourceURL=https:\/\/www.eldiariodetucuman.com\/web\/wp-includes\/js\/wp-embed.min.js\n\/* ]]> *\/\n<\/script>\n","thumbnail_url":"https:\/\/www.eldiariodetucuman.com\/web\/wp-content\/uploads\/2018\/04\/bfd3a2bb8f657096599b3d221bc1ca36.jpeg","thumbnail_width":300,"thumbnail_height":166,"description":"Mariano Fern\u00e1ndez, miembro de la Secretar\u00eda Pro Tempore de la Zona de Integraci\u00f3n Centro Oeste de Am\u00e9rica del Sur (Zicosur), confirm\u00f3 que el vicepresidente de Paraguay,\u00a0Juan Afara Maciel, participar\u00e1 del Plenario de Autoridades de la Zicosur, que se realizar\u00e1 en Tucum\u00e1n el 16 de Mayo. Fern\u00e1ndez estuvo reunido con el\u00a0 la importancia de la reuni\u00f3n [&hellip;]"}

Manzur recibirá al Vicepresidente de Paraguay - El Diario de Tucuman

<blockquote class="wp-embedded-content" data-secret="hL3jy9H5Vo"><a href="https://www.eldiariodetucuman.com/web/manzur-recibira-al-vicepresidente-de-paraguay/">Manzur recibirá al Vicepresidente de Paraguay</a></blockquote><iframe sandbox="allow-scripts" security="restricted" src="https://www.eldiariodetucuman.com/web/manzur-recibira-al-vicepresidente-de-paraguay/embed/#?secret=hL3jy9H5Vo" width="600" height="338" title="«Manzur recibirá al Vicepresidente de Paraguay» — El Diario de Tucuman" data-secret="hL3jy9H5Vo" frameborder="0" marginwidth="0" marginheight="0" scrolling="no" class="wp-embedded-content"></iframe><script type="text/javascript">
/* <![CDATA[ */
/*! This file is auto-generated */
!function(d,l){"use strict";l.querySelector&&d.addEventListener&&"undefined"!=typeof URL&&(d.wp=d.wp||{},d.wp.receiveEmbedMessage||(d.wp.receiveEmbedMessage=function(e){var t=e.data;if((t||t.secret||t.message||t.value)&&!/[^a-zA-Z0-9]/.test(t.secret)){for(var s,r,n,a=l.querySelectorAll('iframe[data-secret="'+t.secret+'"]'),o=l.querySelectorAll('blockquote[data-secret="'+t.secret+'"]'),c=new RegExp("^https?:$","i"),i=0;i<o.length;i++)o[i].style.display="none";for(i=0;i<a.length;i++)s=a[i],e.source===s.contentWindow&&(s.removeAttribute("style"),"height"===t.message?(1e3<(r=parseInt(t.value,10))?r=1e3:~~r<200&&(r=200),s.height=r):"link"===t.message&&(r=new URL(s.getAttribute("src")),n=new URL(t.value),c.test(n.protocol))&&n.host===r.host&&l.activeElement===s&&(d.top.location.href=t.value))}},d.addEventListener("message",d.wp.receiveEmbedMessage,!1),l.addEventListener("DOMContentLoaded",function(){for(var e,t,s=l.querySelectorAll("iframe.wp-embedded-content"),r=0;r<s.length;r++)(t=(e=s[r]).getAttribute("data-secret"))||(t=Math.random().toString(36).substring(2,12),e.src+="#?secret="+t,e.setAttribute("data-secret",t)),e.contentWindow.postMessage({message:"ready",secret:t},"*")},!1)))}(window,document);
//# sourceURL=https://www.eldiariodetucuman.com/web/wp-includes/js/wp-embed.min.js
/* ]]> */
</script>

Mariano Fernández, miembro de la Secretaría Pro Tempore de la Zona de Integración Centro Oeste de América del Sur (Zicosur), confirmó que el vicepresidente de Paraguay, Juan Afara Maciel, participará del Plenario de Autoridades de la Zicosur, que se realizará en Tucumán el 16 de Mayo. Fernández estuvo reunido con el  la importancia de la reunión [&hellip;]
