{"version":"1.0","provider_name":"El Diario de Tucuman","provider_url":"https:\/\/www.eldiariodetucuman.com\/web","title":"L\u00f3pez Obrador quiere terminar con la \"inmunidad presidencial\" - El Diario de Tucuman","type":"rich","width":600,"height":338,"html":"<blockquote class=\"wp-embedded-content\" data-secret=\"RPmxMd6K5P\"><a href=\"https:\/\/www.eldiariodetucuman.com\/web\/lopez-obrador-quiere-terminar-con-la-inmunidad-presidencial\/\">L\u00f3pez Obrador quiere terminar con la \u00abinmunidad presidencial\u00bb<\/a><\/blockquote><iframe sandbox=\"allow-scripts\" security=\"restricted\" src=\"https:\/\/www.eldiariodetucuman.com\/web\/lopez-obrador-quiere-terminar-con-la-inmunidad-presidencial\/embed\/#?secret=RPmxMd6K5P\" width=\"600\" height=\"338\" title=\"\u00abL\u00f3pez Obrador quiere terminar con la \u00abinmunidad presidencial\u00bb\u00bb \u2014 El Diario de Tucuman\" data-secret=\"RPmxMd6K5P\" frameborder=\"0\" marginwidth=\"0\" marginheight=\"0\" scrolling=\"no\" class=\"wp-embedded-content\"><\/iframe><script type=\"text\/javascript\">\n\/* <![CDATA[ *\/\n\/*! This file is auto-generated *\/\n!function(d,l){\"use strict\";l.querySelector&&d.addEventListener&&\"undefined\"!=typeof URL&&(d.wp=d.wp||{},d.wp.receiveEmbedMessage||(d.wp.receiveEmbedMessage=function(e){var t=e.data;if((t||t.secret||t.message||t.value)&&!\/[^a-zA-Z0-9]\/.test(t.secret)){for(var s,r,n,a=l.querySelectorAll('iframe[data-secret=\"'+t.secret+'\"]'),o=l.querySelectorAll('blockquote[data-secret=\"'+t.secret+'\"]'),c=new RegExp(\"^https?:$\",\"i\"),i=0;i<o.length;i++)o[i].style.display=\"none\";for(i=0;i<a.length;i++)s=a[i],e.source===s.contentWindow&&(s.removeAttribute(\"style\"),\"height\"===t.message?(1e3<(r=parseInt(t.value,10))?r=1e3:~~r<200&&(r=200),s.height=r):\"link\"===t.message&&(r=new URL(s.getAttribute(\"src\")),n=new URL(t.value),c.test(n.protocol))&&n.host===r.host&&l.activeElement===s&&(d.top.location.href=t.value))}},d.addEventListener(\"message\",d.wp.receiveEmbedMessage,!1),l.addEventListener(\"DOMContentLoaded\",function(){for(var e,t,s=l.querySelectorAll(\"iframe.wp-embedded-content\"),r=0;r<s.length;r++)(t=(e=s[r]).getAttribute(\"data-secret\"))||(t=Math.random().toString(36).substring(2,12),e.src+=\"#?secret=\"+t,e.setAttribute(\"data-secret\",t)),e.contentWindow.postMessage({message:\"ready\",secret:t},\"*\")},!1)))}(window,document);\n\/\/# sourceURL=https:\/\/www.eldiariodetucuman.com\/web\/wp-includes\/js\/wp-embed.min.js\n\/* ]]> *\/\n<\/script>\n","thumbnail_url":"https:\/\/www.eldiariodetucuman.com\/web\/wp-content\/uploads\/2018\/12\/d00ae1ddac2ef530cfc0bb103f759948.jpeg","thumbnail_width":970,"thumbnail_height":546,"description":"El flamante presidente de M\u00e9xico, Andr\u00e9s Manuel L\u00f3pez Obrador, anunci\u00f3 este martes\u00a0el env\u00edo al Congreso de una ley para eliminar una inmunidad presidencial, con lo que \u00abse termina la impunidad establecida en la Constituci\u00f3n\u00bb. \u00abHoy env\u00edo la primera iniciativa al Senado para la reforma del art\u00edculo 108 de la Constituci\u00f3n y suspender el fuero (inmunidad) [&hellip;]"}

López Obrador quiere terminar con la "inmunidad presidencial" - El Diario de Tucuman

<blockquote class="wp-embedded-content" data-secret="RPmxMd6K5P"><a href="https://www.eldiariodetucuman.com/web/lopez-obrador-quiere-terminar-con-la-inmunidad-presidencial/">López Obrador quiere terminar con la «inmunidad presidencial»</a></blockquote><iframe sandbox="allow-scripts" security="restricted" src="https://www.eldiariodetucuman.com/web/lopez-obrador-quiere-terminar-con-la-inmunidad-presidencial/embed/#?secret=RPmxMd6K5P" width="600" height="338" title="«López Obrador quiere terminar con la «inmunidad presidencial»» — El Diario de Tucuman" data-secret="RPmxMd6K5P" frameborder="0" marginwidth="0" marginheight="0" scrolling="no" class="wp-embedded-content"></iframe><script type="text/javascript">
/* <![CDATA[ */
/*! This file is auto-generated */
!function(d,l){"use strict";l.querySelector&&d.addEventListener&&"undefined"!=typeof URL&&(d.wp=d.wp||{},d.wp.receiveEmbedMessage||(d.wp.receiveEmbedMessage=function(e){var t=e.data;if((t||t.secret||t.message||t.value)&&!/[^a-zA-Z0-9]/.test(t.secret)){for(var s,r,n,a=l.querySelectorAll('iframe[data-secret="'+t.secret+'"]'),o=l.querySelectorAll('blockquote[data-secret="'+t.secret+'"]'),c=new RegExp("^https?:$","i"),i=0;i<o.length;i++)o[i].style.display="none";for(i=0;i<a.length;i++)s=a[i],e.source===s.contentWindow&&(s.removeAttribute("style"),"height"===t.message?(1e3<(r=parseInt(t.value,10))?r=1e3:~~r<200&&(r=200),s.height=r):"link"===t.message&&(r=new URL(s.getAttribute("src")),n=new URL(t.value),c.test(n.protocol))&&n.host===r.host&&l.activeElement===s&&(d.top.location.href=t.value))}},d.addEventListener("message",d.wp.receiveEmbedMessage,!1),l.addEventListener("DOMContentLoaded",function(){for(var e,t,s=l.querySelectorAll("iframe.wp-embedded-content"),r=0;r<s.length;r++)(t=(e=s[r]).getAttribute("data-secret"))||(t=Math.random().toString(36).substring(2,12),e.src+="#?secret="+t,e.setAttribute("data-secret",t)),e.contentWindow.postMessage({message:"ready",secret:t},"*")},!1)))}(window,document);
//# sourceURL=https://www.eldiariodetucuman.com/web/wp-includes/js/wp-embed.min.js
/* ]]> */
</script>

El flamante presidente de México, Andrés Manuel López Obrador, anunció este martes el envío al Congreso de una ley para eliminar una inmunidad presidencial, con lo que «se termina la impunidad establecida en la Constitución». «Hoy envío la primera iniciativa al Senado para la reforma del artículo 108 de la Constitución y suspender el fuero (inmunidad) [&hellip;]
