{"version":"1.0","provider_name":"El Diario de Tucuman","provider_url":"https:\/\/www.eldiariodetucuman.com\/web","title":"G20: \u00bfcu\u00e1ndo se normalizar\u00e1 el tr\u00e1nsito? - El Diario de Tucuman","type":"rich","width":600,"height":338,"html":"<blockquote class=\"wp-embedded-content\" data-secret=\"IpwWviED1W\"><a href=\"https:\/\/www.eldiariodetucuman.com\/web\/g20-cuando-se-normalizara-el-transito\/\">G20: \u00bfcu\u00e1ndo se normalizar\u00e1 el tr\u00e1nsito?<\/a><\/blockquote><iframe sandbox=\"allow-scripts\" security=\"restricted\" src=\"https:\/\/www.eldiariodetucuman.com\/web\/g20-cuando-se-normalizara-el-transito\/embed\/#?secret=IpwWviED1W\" width=\"600\" height=\"338\" title=\"\u00abG20: \u00bfcu\u00e1ndo se normalizar\u00e1 el tr\u00e1nsito?\u00bb \u2014 El Diario de Tucuman\" data-secret=\"IpwWviED1W\" frameborder=\"0\" marginwidth=\"0\" marginheight=\"0\" scrolling=\"no\" class=\"wp-embedded-content\"><\/iframe><script type=\"text\/javascript\">\n\/* <![CDATA[ *\/\n\/*! This file is auto-generated *\/\n!function(d,l){\"use strict\";l.querySelector&&d.addEventListener&&\"undefined\"!=typeof URL&&(d.wp=d.wp||{},d.wp.receiveEmbedMessage||(d.wp.receiveEmbedMessage=function(e){var t=e.data;if((t||t.secret||t.message||t.value)&&!\/[^a-zA-Z0-9]\/.test(t.secret)){for(var s,r,n,a=l.querySelectorAll('iframe[data-secret=\"'+t.secret+'\"]'),o=l.querySelectorAll('blockquote[data-secret=\"'+t.secret+'\"]'),c=new RegExp(\"^https?:$\",\"i\"),i=0;i<o.length;i++)o[i].style.display=\"none\";for(i=0;i<a.length;i++)s=a[i],e.source===s.contentWindow&&(s.removeAttribute(\"style\"),\"height\"===t.message?(1e3<(r=parseInt(t.value,10))?r=1e3:~~r<200&&(r=200),s.height=r):\"link\"===t.message&&(r=new URL(s.getAttribute(\"src\")),n=new URL(t.value),c.test(n.protocol))&&n.host===r.host&&l.activeElement===s&&(d.top.location.href=t.value))}},d.addEventListener(\"message\",d.wp.receiveEmbedMessage,!1),l.addEventListener(\"DOMContentLoaded\",function(){for(var e,t,s=l.querySelectorAll(\"iframe.wp-embedded-content\"),r=0;r<s.length;r++)(t=(e=s[r]).getAttribute(\"data-secret\"))||(t=Math.random().toString(36).substring(2,12),e.src+=\"#?secret=\"+t,e.setAttribute(\"data-secret\",t)),e.contentWindow.postMessage({message:\"ready\",secret:t},\"*\")},!1)))}(window,document);\n\/\/# sourceURL=https:\/\/www.eldiariodetucuman.com\/web\/wp-includes\/js\/wp-embed.min.js\n\/* ]]> *\/\n<\/script>\n","thumbnail_url":"https:\/\/www.eldiariodetucuman.com\/web\/wp-content\/uploads\/2018\/11\/9a8c14d0137dc8a237ef12e70ce98aa8.jpeg","thumbnail_width":960,"thumbnail_height":472,"description":"La realizaci\u00f3n del G20 en la Ciudad de Buenos Aires es un acontecimiento internacional in\u00e9dito para nuestro pa\u00eds, que se prepara para terminar de recibir a los l\u00edderes del mundo. Para ello, se mont\u00f3 un importante operativo de seguridad, que cuenta con 22.000 agentes de fuerzas federales, de la Ciudad y de la Provincia, 3.000 [&hellip;]"}

G20: ¿cuándo se normalizará el tránsito? - El Diario de Tucuman

<blockquote class="wp-embedded-content" data-secret="IpwWviED1W"><a href="https://www.eldiariodetucuman.com/web/g20-cuando-se-normalizara-el-transito/">G20: ¿cuándo se normalizará el tránsito?</a></blockquote><iframe sandbox="allow-scripts" security="restricted" src="https://www.eldiariodetucuman.com/web/g20-cuando-se-normalizara-el-transito/embed/#?secret=IpwWviED1W" width="600" height="338" title="«G20: ¿cuándo se normalizará el tránsito?» — El Diario de Tucuman" data-secret="IpwWviED1W" frameborder="0" marginwidth="0" marginheight="0" scrolling="no" class="wp-embedded-content"></iframe><script type="text/javascript">
/* <![CDATA[ */
/*! This file is auto-generated */
!function(d,l){"use strict";l.querySelector&&d.addEventListener&&"undefined"!=typeof URL&&(d.wp=d.wp||{},d.wp.receiveEmbedMessage||(d.wp.receiveEmbedMessage=function(e){var t=e.data;if((t||t.secret||t.message||t.value)&&!/[^a-zA-Z0-9]/.test(t.secret)){for(var s,r,n,a=l.querySelectorAll('iframe[data-secret="'+t.secret+'"]'),o=l.querySelectorAll('blockquote[data-secret="'+t.secret+'"]'),c=new RegExp("^https?:$","i"),i=0;i<o.length;i++)o[i].style.display="none";for(i=0;i<a.length;i++)s=a[i],e.source===s.contentWindow&&(s.removeAttribute("style"),"height"===t.message?(1e3<(r=parseInt(t.value,10))?r=1e3:~~r<200&&(r=200),s.height=r):"link"===t.message&&(r=new URL(s.getAttribute("src")),n=new URL(t.value),c.test(n.protocol))&&n.host===r.host&&l.activeElement===s&&(d.top.location.href=t.value))}},d.addEventListener("message",d.wp.receiveEmbedMessage,!1),l.addEventListener("DOMContentLoaded",function(){for(var e,t,s=l.querySelectorAll("iframe.wp-embedded-content"),r=0;r<s.length;r++)(t=(e=s[r]).getAttribute("data-secret"))||(t=Math.random().toString(36).substring(2,12),e.src+="#?secret="+t,e.setAttribute("data-secret",t)),e.contentWindow.postMessage({message:"ready",secret:t},"*")},!1)))}(window,document);
//# sourceURL=https://www.eldiariodetucuman.com/web/wp-includes/js/wp-embed.min.js
/* ]]> */
</script>

La realización del G20 en la Ciudad de Buenos Aires es un acontecimiento internacional inédito para nuestro país, que se prepara para terminar de recibir a los líderes del mundo. Para ello, se montó un importante operativo de seguridad, que cuenta con 22.000 agentes de fuerzas federales, de la Ciudad y de la Provincia, 3.000 [&hellip;]
