{"version":"1.0","provider_name":"El Diario de Tucuman","provider_url":"https:\/\/www.eldiariodetucuman.com\/web","title":"Fue aburrida y no tuvimos ritmo - El Diario de Tucuman","type":"rich","width":600,"height":338,"html":"<blockquote class=\"wp-embedded-content\" data-secret=\"5we9Iu3ny4\"><a href=\"https:\/\/www.eldiariodetucuman.com\/web\/fue-aburrida-y-no-tuvimos-ritmo\/\">Fue aburrida y no tuvimos ritmo<\/a><\/blockquote><iframe sandbox=\"allow-scripts\" security=\"restricted\" src=\"https:\/\/www.eldiariodetucuman.com\/web\/fue-aburrida-y-no-tuvimos-ritmo\/embed\/#?secret=5we9Iu3ny4\" width=\"600\" height=\"338\" title=\"\u00abFue aburrida y no tuvimos ritmo\u00bb \u2014 El Diario de Tucuman\" data-secret=\"5we9Iu3ny4\" frameborder=\"0\" marginwidth=\"0\" marginheight=\"0\" scrolling=\"no\" class=\"wp-embedded-content\"><\/iframe><script type=\"text\/javascript\">\n\/* <![CDATA[ *\/\n\/*! This file is auto-generated *\/\n!function(d,l){\"use strict\";l.querySelector&&d.addEventListener&&\"undefined\"!=typeof URL&&(d.wp=d.wp||{},d.wp.receiveEmbedMessage||(d.wp.receiveEmbedMessage=function(e){var t=e.data;if((t||t.secret||t.message||t.value)&&!\/[^a-zA-Z0-9]\/.test(t.secret)){for(var s,r,n,a=l.querySelectorAll('iframe[data-secret=\"'+t.secret+'\"]'),o=l.querySelectorAll('blockquote[data-secret=\"'+t.secret+'\"]'),c=new RegExp(\"^https?:$\",\"i\"),i=0;i<o.length;i++)o[i].style.display=\"none\";for(i=0;i<a.length;i++)s=a[i],e.source===s.contentWindow&&(s.removeAttribute(\"style\"),\"height\"===t.message?(1e3<(r=parseInt(t.value,10))?r=1e3:~~r<200&&(r=200),s.height=r):\"link\"===t.message&&(r=new URL(s.getAttribute(\"src\")),n=new URL(t.value),c.test(n.protocol))&&n.host===r.host&&l.activeElement===s&&(d.top.location.href=t.value))}},d.addEventListener(\"message\",d.wp.receiveEmbedMessage,!1),l.addEventListener(\"DOMContentLoaded\",function(){for(var e,t,s=l.querySelectorAll(\"iframe.wp-embedded-content\"),r=0;r<s.length;r++)(t=(e=s[r]).getAttribute(\"data-secret\"))||(t=Math.random().toString(36).substring(2,12),e.src+=\"#?secret=\"+t,e.setAttribute(\"data-secret\",t)),e.contentWindow.postMessage({message:\"ready\",secret:t},\"*\")},!1)))}(window,document);\n\/\/# sourceURL=https:\/\/www.eldiariodetucuman.com\/web\/wp-includes\/js\/wp-embed.min.js\n\/* ]]> *\/\n<\/script>\n","thumbnail_url":"https:\/\/www.eldiariodetucuman.com\/web\/wp-content\/uploads\/2025\/09\/Fue-aburrida-y-no-tuvimos-ritmo-696x392.png","thumbnail_width":600,"thumbnail_height":338,"description":"\u201cFue muy larga, no ten\u00edamos ritmo, estaba muy solo en la carrera que fue bastante aburrida y no pudimos hacer nada. Tengo un poco de bronca, hay que mejorar para la pr\u00f3xima\u201d, fueron las palabras del piloto argentino apenas terminada su participaci\u00f3n. image Franco Colapinto termin\u00f3 en el puesto n\u00famero 17 en Monza. Foto Reuters [&hellip;]"}

“Fue muy larga, no teníamos ritmo, estaba muy solo en la carrera que fue bastante aburrida y no pudimos hacer nada. Tengo un poco de bronca, hay que mejorar para la próxima”, fueron las palabras del piloto argentino apenas terminada su participación. image Franco Colapinto terminó en el puesto número 17 en Monza. Foto Reuters [&hellip;]
