{"version":"1.0","provider_name":"El Diario de Tucuman","provider_url":"https:\/\/www.eldiariodetucuman.com\/web","title":"Es oficial: las elecciones nacionales ya tienen calendario - El Diario de Tucuman","type":"rich","width":600,"height":338,"html":"<blockquote class=\"wp-embedded-content\" data-secret=\"OEJKI9ehTP\"><a href=\"https:\/\/www.eldiariodetucuman.com\/web\/es-oficial-las-elecciones-nacionales-ya-tienen-calendario\/\">Es oficial: las elecciones nacionales ya tienen calendario<\/a><\/blockquote><iframe sandbox=\"allow-scripts\" security=\"restricted\" src=\"https:\/\/www.eldiariodetucuman.com\/web\/es-oficial-las-elecciones-nacionales-ya-tienen-calendario\/embed\/#?secret=OEJKI9ehTP\" width=\"600\" height=\"338\" title=\"\u00abEs oficial: las elecciones nacionales ya tienen calendario\u00bb \u2014 El Diario de Tucuman\" data-secret=\"OEJKI9ehTP\" frameborder=\"0\" marginwidth=\"0\" marginheight=\"0\" scrolling=\"no\" class=\"wp-embedded-content\"><\/iframe><script type=\"text\/javascript\">\n\/* <![CDATA[ *\/\n\/*! This file is auto-generated *\/\n!function(d,l){\"use strict\";l.querySelector&&d.addEventListener&&\"undefined\"!=typeof URL&&(d.wp=d.wp||{},d.wp.receiveEmbedMessage||(d.wp.receiveEmbedMessage=function(e){var t=e.data;if((t||t.secret||t.message||t.value)&&!\/[^a-zA-Z0-9]\/.test(t.secret)){for(var s,r,n,a=l.querySelectorAll('iframe[data-secret=\"'+t.secret+'\"]'),o=l.querySelectorAll('blockquote[data-secret=\"'+t.secret+'\"]'),c=new RegExp(\"^https?:$\",\"i\"),i=0;i<o.length;i++)o[i].style.display=\"none\";for(i=0;i<a.length;i++)s=a[i],e.source===s.contentWindow&&(s.removeAttribute(\"style\"),\"height\"===t.message?(1e3<(r=parseInt(t.value,10))?r=1e3:~~r<200&&(r=200),s.height=r):\"link\"===t.message&&(r=new URL(s.getAttribute(\"src\")),n=new URL(t.value),c.test(n.protocol))&&n.host===r.host&&l.activeElement===s&&(d.top.location.href=t.value))}},d.addEventListener(\"message\",d.wp.receiveEmbedMessage,!1),l.addEventListener(\"DOMContentLoaded\",function(){for(var e,t,s=l.querySelectorAll(\"iframe.wp-embedded-content\"),r=0;r<s.length;r++)(t=(e=s[r]).getAttribute(\"data-secret\"))||(t=Math.random().toString(36).substring(2,12),e.src+=\"#?secret=\"+t,e.setAttribute(\"data-secret\",t)),e.contentWindow.postMessage({message:\"ready\",secret:t},\"*\")},!1)))}(window,document);\n\/\/# sourceURL=https:\/\/www.eldiariodetucuman.com\/web\/wp-includes\/js\/wp-embed.min.js\n\/* ]]> *\/\n<\/script>\n","thumbnail_url":"https:\/\/www.eldiariodetucuman.com\/web\/wp-content\/uploads\/2023\/05\/elecciones-tucuman.webp","thumbnail_width":1200,"thumbnail_height":630,"description":"La C\u00e1mara Nacional Electoral oficializ\u00f3 el cronograma electoral para las elecciones legislativas de 2025, que se realizar\u00e1n el domingo 26 de octubre. Este proceso definir\u00e1 la renovaci\u00f3n de 127 bancas en la C\u00e1mara de Diputados y 24 en el Senado."}

La Cámara Nacional Electoral oficializó el cronograma electoral para las elecciones legislativas de 2025, que se realizarán el domingo 26 de octubre. Este proceso definirá la renovación de 127 bancas en la Cámara de Diputados y 24 en el Senado.
