{"version":"1.0","provider_name":"El Diario de Tucuman","provider_url":"https:\/\/www.eldiariodetucuman.com\/web","title":"El\u00a0 Vicegobernador encabez\u00f3 una reuni\u00f3n de Gabinete - El Diario de Tucuman","type":"rich","width":600,"height":338,"html":"<blockquote class=\"wp-embedded-content\" data-secret=\"7MjEPYKBLw\"><a href=\"https:\/\/www.eldiariodetucuman.com\/web\/el-vicegobernador-encabezo-una-reunion-de-gabinete-2\/\">El\u00a0 Vicegobernador encabez\u00f3 una reuni\u00f3n de Gabinete<\/a><\/blockquote><iframe sandbox=\"allow-scripts\" security=\"restricted\" src=\"https:\/\/www.eldiariodetucuman.com\/web\/el-vicegobernador-encabezo-una-reunion-de-gabinete-2\/embed\/#?secret=7MjEPYKBLw\" width=\"600\" height=\"338\" title=\"\u00abEl\u00a0 Vicegobernador encabez\u00f3 una reuni\u00f3n de Gabinete\u00bb \u2014 El Diario de Tucuman\" data-secret=\"7MjEPYKBLw\" frameborder=\"0\" marginwidth=\"0\" marginheight=\"0\" scrolling=\"no\" class=\"wp-embedded-content\"><\/iframe><script type=\"text\/javascript\">\n\/* <![CDATA[ *\/\n\/*! This file is auto-generated *\/\n!function(d,l){\"use strict\";l.querySelector&&d.addEventListener&&\"undefined\"!=typeof URL&&(d.wp=d.wp||{},d.wp.receiveEmbedMessage||(d.wp.receiveEmbedMessage=function(e){var t=e.data;if((t||t.secret||t.message||t.value)&&!\/[^a-zA-Z0-9]\/.test(t.secret)){for(var s,r,n,a=l.querySelectorAll('iframe[data-secret=\"'+t.secret+'\"]'),o=l.querySelectorAll('blockquote[data-secret=\"'+t.secret+'\"]'),c=new RegExp(\"^https?:$\",\"i\"),i=0;i<o.length;i++)o[i].style.display=\"none\";for(i=0;i<a.length;i++)s=a[i],e.source===s.contentWindow&&(s.removeAttribute(\"style\"),\"height\"===t.message?(1e3<(r=parseInt(t.value,10))?r=1e3:~~r<200&&(r=200),s.height=r):\"link\"===t.message&&(r=new URL(s.getAttribute(\"src\")),n=new URL(t.value),c.test(n.protocol))&&n.host===r.host&&l.activeElement===s&&(d.top.location.href=t.value))}},d.addEventListener(\"message\",d.wp.receiveEmbedMessage,!1),l.addEventListener(\"DOMContentLoaded\",function(){for(var e,t,s=l.querySelectorAll(\"iframe.wp-embedded-content\"),r=0;r<s.length;r++)(t=(e=s[r]).getAttribute(\"data-secret\"))||(t=Math.random().toString(36).substring(2,12),e.src+=\"#?secret=\"+t,e.setAttribute(\"data-secret\",t)),e.contentWindow.postMessage({message:\"ready\",secret:t},\"*\")},!1)))}(window,document);\n\/\/# sourceURL=https:\/\/www.eldiariodetucuman.com\/web\/wp-includes\/js\/wp-embed.min.js\n\/* ]]> *\/\n<\/script>\n","thumbnail_url":"https:\/\/www.eldiariodetucuman.com\/web\/wp-content\/uploads\/2018\/02\/dadcd8f4c35f84a04ecae7742be354f9.jpeg","thumbnail_width":300,"thumbnail_height":166,"description":"El vicegobernador a cargo del Poder Ejecutivo, Osvaldo Jaldo, presidi\u00f3 una reuni\u00f3n informativa con funcionarios del Gabinete provincial donde hablaron de la apertura de sesiones ordinarias en la Legislatura de Tucum\u00e1n que tendr\u00e1 lugar el 1 de marzo, entre otros temas. Del encuentro participaron el ministro de Educaci\u00f3n, Juan Pablo Lichtmajer; el ministro del Interior, [&hellip;]"}

El  Vicegobernador encabezó una reunión de Gabinete - El Diario de Tucuman

<blockquote class="wp-embedded-content" data-secret="7MjEPYKBLw"><a href="https://www.eldiariodetucuman.com/web/el-vicegobernador-encabezo-una-reunion-de-gabinete-2/">El  Vicegobernador encabezó una reunión de Gabinete</a></blockquote><iframe sandbox="allow-scripts" security="restricted" src="https://www.eldiariodetucuman.com/web/el-vicegobernador-encabezo-una-reunion-de-gabinete-2/embed/#?secret=7MjEPYKBLw" width="600" height="338" title="«El  Vicegobernador encabezó una reunión de Gabinete» — El Diario de Tucuman" data-secret="7MjEPYKBLw" frameborder="0" marginwidth="0" marginheight="0" scrolling="no" class="wp-embedded-content"></iframe><script type="text/javascript">
/* <![CDATA[ */
/*! This file is auto-generated */
!function(d,l){"use strict";l.querySelector&&d.addEventListener&&"undefined"!=typeof URL&&(d.wp=d.wp||{},d.wp.receiveEmbedMessage||(d.wp.receiveEmbedMessage=function(e){var t=e.data;if((t||t.secret||t.message||t.value)&&!/[^a-zA-Z0-9]/.test(t.secret)){for(var s,r,n,a=l.querySelectorAll('iframe[data-secret="'+t.secret+'"]'),o=l.querySelectorAll('blockquote[data-secret="'+t.secret+'"]'),c=new RegExp("^https?:$","i"),i=0;i<o.length;i++)o[i].style.display="none";for(i=0;i<a.length;i++)s=a[i],e.source===s.contentWindow&&(s.removeAttribute("style"),"height"===t.message?(1e3<(r=parseInt(t.value,10))?r=1e3:~~r<200&&(r=200),s.height=r):"link"===t.message&&(r=new URL(s.getAttribute("src")),n=new URL(t.value),c.test(n.protocol))&&n.host===r.host&&l.activeElement===s&&(d.top.location.href=t.value))}},d.addEventListener("message",d.wp.receiveEmbedMessage,!1),l.addEventListener("DOMContentLoaded",function(){for(var e,t,s=l.querySelectorAll("iframe.wp-embedded-content"),r=0;r<s.length;r++)(t=(e=s[r]).getAttribute("data-secret"))||(t=Math.random().toString(36).substring(2,12),e.src+="#?secret="+t,e.setAttribute("data-secret",t)),e.contentWindow.postMessage({message:"ready",secret:t},"*")},!1)))}(window,document);
//# sourceURL=https://www.eldiariodetucuman.com/web/wp-includes/js/wp-embed.min.js
/* ]]> */
</script>

El vicegobernador a cargo del Poder Ejecutivo, Osvaldo Jaldo, presidió una reunión informativa con funcionarios del Gabinete provincial donde hablaron de la apertura de sesiones ordinarias en la Legislatura de Tucumán que tendrá lugar el 1 de marzo, entre otros temas. Del encuentro participaron el ministro de Educación, Juan Pablo Lichtmajer; el ministro del Interior, [&hellip;]
