{"version":"1.0","provider_name":"El Diario de Tucuman","provider_url":"https:\/\/www.eldiariodetucuman.com\/web","title":"Duro rev\u00e9s para el gobernador Juan Manzur - El Diario de Tucuman","type":"rich","width":600,"height":338,"html":"<blockquote class=\"wp-embedded-content\" data-secret=\"yxruptNd9U\"><a href=\"https:\/\/www.eldiariodetucuman.com\/web\/duro-reves-para-el-gobernador-juan-manzur\/\">Duro rev\u00e9s para el gobernador Juan Manzur<\/a><\/blockquote><iframe sandbox=\"allow-scripts\" security=\"restricted\" src=\"https:\/\/www.eldiariodetucuman.com\/web\/duro-reves-para-el-gobernador-juan-manzur\/embed\/#?secret=yxruptNd9U\" width=\"600\" height=\"338\" title=\"\u00abDuro rev\u00e9s para el gobernador Juan Manzur\u00bb \u2014 El Diario de Tucuman\" data-secret=\"yxruptNd9U\" frameborder=\"0\" marginwidth=\"0\" marginheight=\"0\" scrolling=\"no\" class=\"wp-embedded-content\"><\/iframe><script type=\"text\/javascript\">\n\/* <![CDATA[ *\/\n\/*! This file is auto-generated *\/\n!function(d,l){\"use strict\";l.querySelector&&d.addEventListener&&\"undefined\"!=typeof URL&&(d.wp=d.wp||{},d.wp.receiveEmbedMessage||(d.wp.receiveEmbedMessage=function(e){var t=e.data;if((t||t.secret||t.message||t.value)&&!\/[^a-zA-Z0-9]\/.test(t.secret)){for(var s,r,n,a=l.querySelectorAll('iframe[data-secret=\"'+t.secret+'\"]'),o=l.querySelectorAll('blockquote[data-secret=\"'+t.secret+'\"]'),c=new RegExp(\"^https?:$\",\"i\"),i=0;i<o.length;i++)o[i].style.display=\"none\";for(i=0;i<a.length;i++)s=a[i],e.source===s.contentWindow&&(s.removeAttribute(\"style\"),\"height\"===t.message?(1e3<(r=parseInt(t.value,10))?r=1e3:~~r<200&&(r=200),s.height=r):\"link\"===t.message&&(r=new URL(s.getAttribute(\"src\")),n=new URL(t.value),c.test(n.protocol))&&n.host===r.host&&l.activeElement===s&&(d.top.location.href=t.value))}},d.addEventListener(\"message\",d.wp.receiveEmbedMessage,!1),l.addEventListener(\"DOMContentLoaded\",function(){for(var e,t,s=l.querySelectorAll(\"iframe.wp-embedded-content\"),r=0;r<s.length;r++)(t=(e=s[r]).getAttribute(\"data-secret\"))||(t=Math.random().toString(36).substring(2,12),e.src+=\"#?secret=\"+t,e.setAttribute(\"data-secret\",t)),e.contentWindow.postMessage({message:\"ready\",secret:t},\"*\")},!1)))}(window,document);\n\/\/# sourceURL=https:\/\/www.eldiariodetucuman.com\/web\/wp-includes\/js\/wp-embed.min.js\n\/* ]]> *\/\n<\/script>\n","thumbnail_url":"https:\/\/www.eldiariodetucuman.com\/web\/wp-content\/uploads\/2021\/06\/jaldo-olijela-rivas.jpg","thumbnail_width":685,"thumbnail_height":465,"description":"La hist\u00f3rica dirigente y ex senadora justicialista Olijela del Valle Rivas consider\u00f3 que el gobernador, Juan Manzur, y el vicegobernador, Osvaldo Jaldo, deber\u00edan \u00abreunirse\u00bb para solucionar los problemas que pudieron haber motivado la interna en el Partido Justicialista (PJ). Sin embargo, la experimentada peronista no ocult\u00f3 sus observaciones hacia la figura del jefe del Poder [&hellip;]"}

Duro revés para el gobernador Juan Manzur - El Diario de Tucuman

<blockquote class="wp-embedded-content" data-secret="yxruptNd9U"><a href="https://www.eldiariodetucuman.com/web/duro-reves-para-el-gobernador-juan-manzur/">Duro revés para el gobernador Juan Manzur</a></blockquote><iframe sandbox="allow-scripts" security="restricted" src="https://www.eldiariodetucuman.com/web/duro-reves-para-el-gobernador-juan-manzur/embed/#?secret=yxruptNd9U" width="600" height="338" title="«Duro revés para el gobernador Juan Manzur» — El Diario de Tucuman" data-secret="yxruptNd9U" frameborder="0" marginwidth="0" marginheight="0" scrolling="no" class="wp-embedded-content"></iframe><script type="text/javascript">
/* <![CDATA[ */
/*! This file is auto-generated */
!function(d,l){"use strict";l.querySelector&&d.addEventListener&&"undefined"!=typeof URL&&(d.wp=d.wp||{},d.wp.receiveEmbedMessage||(d.wp.receiveEmbedMessage=function(e){var t=e.data;if((t||t.secret||t.message||t.value)&&!/[^a-zA-Z0-9]/.test(t.secret)){for(var s,r,n,a=l.querySelectorAll('iframe[data-secret="'+t.secret+'"]'),o=l.querySelectorAll('blockquote[data-secret="'+t.secret+'"]'),c=new RegExp("^https?:$","i"),i=0;i<o.length;i++)o[i].style.display="none";for(i=0;i<a.length;i++)s=a[i],e.source===s.contentWindow&&(s.removeAttribute("style"),"height"===t.message?(1e3<(r=parseInt(t.value,10))?r=1e3:~~r<200&&(r=200),s.height=r):"link"===t.message&&(r=new URL(s.getAttribute("src")),n=new URL(t.value),c.test(n.protocol))&&n.host===r.host&&l.activeElement===s&&(d.top.location.href=t.value))}},d.addEventListener("message",d.wp.receiveEmbedMessage,!1),l.addEventListener("DOMContentLoaded",function(){for(var e,t,s=l.querySelectorAll("iframe.wp-embedded-content"),r=0;r<s.length;r++)(t=(e=s[r]).getAttribute("data-secret"))||(t=Math.random().toString(36).substring(2,12),e.src+="#?secret="+t,e.setAttribute("data-secret",t)),e.contentWindow.postMessage({message:"ready",secret:t},"*")},!1)))}(window,document);
//# sourceURL=https://www.eldiariodetucuman.com/web/wp-includes/js/wp-embed.min.js
/* ]]> */
</script>

La histórica dirigente y ex senadora justicialista Olijela del Valle Rivas consideró que el gobernador, Juan Manzur, y el vicegobernador, Osvaldo Jaldo, deberían «reunirse» para solucionar los problemas que pudieron haber motivado la interna en el Partido Justicialista (PJ). Sin embargo, la experimentada peronista no ocultó sus observaciones hacia la figura del jefe del Poder [&hellip;]
