{"version":"1.0","provider_name":"El Diario de Tucuman","provider_url":"https:\/\/www.eldiariodetucuman.com\/web","title":"\u00bfCu\u00e1nto cobran mensualmente Vidal y sus ministros? - El Diario de Tucuman","type":"rich","width":600,"height":338,"html":"<blockquote class=\"wp-embedded-content\" data-secret=\"xLFVac10sn\"><a href=\"https:\/\/www.eldiariodetucuman.com\/web\/cuanto-cobran-mensualmente-vidal-y-sus-ministros\/\">\u00bfCu\u00e1nto cobran mensualmente Vidal y sus ministros?<\/a><\/blockquote><iframe sandbox=\"allow-scripts\" security=\"restricted\" src=\"https:\/\/www.eldiariodetucuman.com\/web\/cuanto-cobran-mensualmente-vidal-y-sus-ministros\/embed\/#?secret=xLFVac10sn\" width=\"600\" height=\"338\" title=\"\u00ab\u00bfCu\u00e1nto cobran mensualmente Vidal y sus ministros?\u00bb \u2014 El Diario de Tucuman\" data-secret=\"xLFVac10sn\" frameborder=\"0\" marginwidth=\"0\" marginheight=\"0\" scrolling=\"no\" class=\"wp-embedded-content\"><\/iframe><script type=\"text\/javascript\">\n\/* <![CDATA[ *\/\n\/*! This file is auto-generated *\/\n!function(d,l){\"use strict\";l.querySelector&&d.addEventListener&&\"undefined\"!=typeof URL&&(d.wp=d.wp||{},d.wp.receiveEmbedMessage||(d.wp.receiveEmbedMessage=function(e){var t=e.data;if((t||t.secret||t.message||t.value)&&!\/[^a-zA-Z0-9]\/.test(t.secret)){for(var s,r,n,a=l.querySelectorAll('iframe[data-secret=\"'+t.secret+'\"]'),o=l.querySelectorAll('blockquote[data-secret=\"'+t.secret+'\"]'),c=new RegExp(\"^https?:$\",\"i\"),i=0;i<o.length;i++)o[i].style.display=\"none\";for(i=0;i<a.length;i++)s=a[i],e.source===s.contentWindow&&(s.removeAttribute(\"style\"),\"height\"===t.message?(1e3<(r=parseInt(t.value,10))?r=1e3:~~r<200&&(r=200),s.height=r):\"link\"===t.message&&(r=new URL(s.getAttribute(\"src\")),n=new URL(t.value),c.test(n.protocol))&&n.host===r.host&&l.activeElement===s&&(d.top.location.href=t.value))}},d.addEventListener(\"message\",d.wp.receiveEmbedMessage,!1),l.addEventListener(\"DOMContentLoaded\",function(){for(var e,t,s=l.querySelectorAll(\"iframe.wp-embedded-content\"),r=0;r<s.length;r++)(t=(e=s[r]).getAttribute(\"data-secret\"))||(t=Math.random().toString(36).substring(2,12),e.src+=\"#?secret=\"+t,e.setAttribute(\"data-secret\",t)),e.contentWindow.postMessage({message:\"ready\",secret:t},\"*\")},!1)))}(window,document);\n\/\/# sourceURL=https:\/\/www.eldiariodetucuman.com\/web\/wp-includes\/js\/wp-embed.min.js\n\/* ]]> *\/\n<\/script>\n","thumbnail_url":"https:\/\/www.eldiariodetucuman.com\/web\/wp-content\/uploads\/2018\/03\/62c0c312ca78a86e9525a2080d3b21b7.jpeg","thumbnail_width":960,"thumbnail_height":540,"description":"En un per\u00edodo en el que todo el pa\u00eds habla sobre la proyecci\u00f3n que tendr\u00e1n sus sueldos para el 2018, sobre todo teniendo en cuenta el contexto inflacionario, en la gesti\u00f3n de la gobernadora Mar\u00eda Eugenia Vidal pareciera ser un tema tab\u00fa.\u00a0 Si bien las cifras son publicadas obligatoriamente en el Bolet\u00edn Oficial, los funcionarios [&hellip;]"}

¿Cuánto cobran mensualmente Vidal y sus ministros? - El Diario de Tucuman

<blockquote class="wp-embedded-content" data-secret="xLFVac10sn"><a href="https://www.eldiariodetucuman.com/web/cuanto-cobran-mensualmente-vidal-y-sus-ministros/">¿Cuánto cobran mensualmente Vidal y sus ministros?</a></blockquote><iframe sandbox="allow-scripts" security="restricted" src="https://www.eldiariodetucuman.com/web/cuanto-cobran-mensualmente-vidal-y-sus-ministros/embed/#?secret=xLFVac10sn" width="600" height="338" title="«¿Cuánto cobran mensualmente Vidal y sus ministros?» — El Diario de Tucuman" data-secret="xLFVac10sn" frameborder="0" marginwidth="0" marginheight="0" scrolling="no" class="wp-embedded-content"></iframe><script type="text/javascript">
/* <![CDATA[ */
/*! This file is auto-generated */
!function(d,l){"use strict";l.querySelector&&d.addEventListener&&"undefined"!=typeof URL&&(d.wp=d.wp||{},d.wp.receiveEmbedMessage||(d.wp.receiveEmbedMessage=function(e){var t=e.data;if((t||t.secret||t.message||t.value)&&!/[^a-zA-Z0-9]/.test(t.secret)){for(var s,r,n,a=l.querySelectorAll('iframe[data-secret="'+t.secret+'"]'),o=l.querySelectorAll('blockquote[data-secret="'+t.secret+'"]'),c=new RegExp("^https?:$","i"),i=0;i<o.length;i++)o[i].style.display="none";for(i=0;i<a.length;i++)s=a[i],e.source===s.contentWindow&&(s.removeAttribute("style"),"height"===t.message?(1e3<(r=parseInt(t.value,10))?r=1e3:~~r<200&&(r=200),s.height=r):"link"===t.message&&(r=new URL(s.getAttribute("src")),n=new URL(t.value),c.test(n.protocol))&&n.host===r.host&&l.activeElement===s&&(d.top.location.href=t.value))}},d.addEventListener("message",d.wp.receiveEmbedMessage,!1),l.addEventListener("DOMContentLoaded",function(){for(var e,t,s=l.querySelectorAll("iframe.wp-embedded-content"),r=0;r<s.length;r++)(t=(e=s[r]).getAttribute("data-secret"))||(t=Math.random().toString(36).substring(2,12),e.src+="#?secret="+t,e.setAttribute("data-secret",t)),e.contentWindow.postMessage({message:"ready",secret:t},"*")},!1)))}(window,document);
//# sourceURL=https://www.eldiariodetucuman.com/web/wp-includes/js/wp-embed.min.js
/* ]]> */
</script>

En un período en el que todo el país habla sobre la proyección que tendrán sus sueldos para el 2018, sobre todo teniendo en cuenta el contexto inflacionario, en la gestión de la gobernadora María Eugenia Vidal pareciera ser un tema tabú.  Si bien las cifras son publicadas obligatoriamente en el Boletín Oficial, los funcionarios [&hellip;]
