{"version":"1.0","provider_name":"El Diario de Tucuman","provider_url":"https:\/\/www.eldiariodetucuman.com\/web","title":"Cuantiosas p\u00e9rdidas en la bolsa tecnol\u00f3gica Nasdaq - El Diario de Tucuman","type":"rich","width":600,"height":338,"html":"<blockquote class=\"wp-embedded-content\" data-secret=\"lbW0whiCxU\"><a href=\"https:\/\/www.eldiariodetucuman.com\/web\/cuantiosas-perdidas-en-la-bolsa-tecnologica-nasdaq\/\">Cuantiosas p\u00e9rdidas en la bolsa tecnol\u00f3gica Nasdaq<\/a><\/blockquote><iframe sandbox=\"allow-scripts\" security=\"restricted\" src=\"https:\/\/www.eldiariodetucuman.com\/web\/cuantiosas-perdidas-en-la-bolsa-tecnologica-nasdaq\/embed\/#?secret=lbW0whiCxU\" width=\"600\" height=\"338\" title=\"\u00abCuantiosas p\u00e9rdidas en la bolsa tecnol\u00f3gica Nasdaq\u00bb \u2014 El Diario de Tucuman\" data-secret=\"lbW0whiCxU\" frameborder=\"0\" marginwidth=\"0\" marginheight=\"0\" scrolling=\"no\" class=\"wp-embedded-content\"><\/iframe><script type=\"text\/javascript\">\n\/* <![CDATA[ *\/\n\/*! This file is auto-generated *\/\n!function(d,l){\"use strict\";l.querySelector&&d.addEventListener&&\"undefined\"!=typeof URL&&(d.wp=d.wp||{},d.wp.receiveEmbedMessage||(d.wp.receiveEmbedMessage=function(e){var t=e.data;if((t||t.secret||t.message||t.value)&&!\/[^a-zA-Z0-9]\/.test(t.secret)){for(var s,r,n,a=l.querySelectorAll('iframe[data-secret=\"'+t.secret+'\"]'),o=l.querySelectorAll('blockquote[data-secret=\"'+t.secret+'\"]'),c=new RegExp(\"^https?:$\",\"i\"),i=0;i<o.length;i++)o[i].style.display=\"none\";for(i=0;i<a.length;i++)s=a[i],e.source===s.contentWindow&&(s.removeAttribute(\"style\"),\"height\"===t.message?(1e3<(r=parseInt(t.value,10))?r=1e3:~~r<200&&(r=200),s.height=r):\"link\"===t.message&&(r=new URL(s.getAttribute(\"src\")),n=new URL(t.value),c.test(n.protocol))&&n.host===r.host&&l.activeElement===s&&(d.top.location.href=t.value))}},d.addEventListener(\"message\",d.wp.receiveEmbedMessage,!1),l.addEventListener(\"DOMContentLoaded\",function(){for(var e,t,s=l.querySelectorAll(\"iframe.wp-embedded-content\"),r=0;r<s.length;r++)(t=(e=s[r]).getAttribute(\"data-secret\"))||(t=Math.random().toString(36).substring(2,12),e.src+=\"#?secret=\"+t,e.setAttribute(\"data-secret\",t)),e.contentWindow.postMessage({message:\"ready\",secret:t},\"*\")},!1)))}(window,document);\n\/\/# sourceURL=https:\/\/www.eldiariodetucuman.com\/web\/wp-includes\/js\/wp-embed.min.js\n\/* ]]> *\/\n<\/script>\n","thumbnail_url":"https:\/\/www.eldiariodetucuman.com\/web\/wp-content\/uploads\/2018\/03\/5be92dc8e0a75940e860adc2e3342bfb.jpeg","thumbnail_width":970,"thumbnail_height":546,"description":"El gigantesco entramado conflictivo de Facebook y Cambridge Analytica repercuti\u00f3 tambi\u00e9n en el plano econ\u00f3mico, ya que Mark Zuckerberg perdi\u00f3 m\u00e1s de seis mil millones de d\u00f3lares tras las ca\u00eddas de las acciones de la red social el lunes, luego de que se diera a conocerse que los datos de m\u00e1s de 50 millones de [&hellip;]"}

Cuantiosas pérdidas en la bolsa tecnológica Nasdaq - El Diario de Tucuman

<blockquote class="wp-embedded-content" data-secret="lbW0whiCxU"><a href="https://www.eldiariodetucuman.com/web/cuantiosas-perdidas-en-la-bolsa-tecnologica-nasdaq/">Cuantiosas pérdidas en la bolsa tecnológica Nasdaq</a></blockquote><iframe sandbox="allow-scripts" security="restricted" src="https://www.eldiariodetucuman.com/web/cuantiosas-perdidas-en-la-bolsa-tecnologica-nasdaq/embed/#?secret=lbW0whiCxU" width="600" height="338" title="«Cuantiosas pérdidas en la bolsa tecnológica Nasdaq» — El Diario de Tucuman" data-secret="lbW0whiCxU" frameborder="0" marginwidth="0" marginheight="0" scrolling="no" class="wp-embedded-content"></iframe><script type="text/javascript">
/* <![CDATA[ */
/*! This file is auto-generated */
!function(d,l){"use strict";l.querySelector&&d.addEventListener&&"undefined"!=typeof URL&&(d.wp=d.wp||{},d.wp.receiveEmbedMessage||(d.wp.receiveEmbedMessage=function(e){var t=e.data;if((t||t.secret||t.message||t.value)&&!/[^a-zA-Z0-9]/.test(t.secret)){for(var s,r,n,a=l.querySelectorAll('iframe[data-secret="'+t.secret+'"]'),o=l.querySelectorAll('blockquote[data-secret="'+t.secret+'"]'),c=new RegExp("^https?:$","i"),i=0;i<o.length;i++)o[i].style.display="none";for(i=0;i<a.length;i++)s=a[i],e.source===s.contentWindow&&(s.removeAttribute("style"),"height"===t.message?(1e3<(r=parseInt(t.value,10))?r=1e3:~~r<200&&(r=200),s.height=r):"link"===t.message&&(r=new URL(s.getAttribute("src")),n=new URL(t.value),c.test(n.protocol))&&n.host===r.host&&l.activeElement===s&&(d.top.location.href=t.value))}},d.addEventListener("message",d.wp.receiveEmbedMessage,!1),l.addEventListener("DOMContentLoaded",function(){for(var e,t,s=l.querySelectorAll("iframe.wp-embedded-content"),r=0;r<s.length;r++)(t=(e=s[r]).getAttribute("data-secret"))||(t=Math.random().toString(36).substring(2,12),e.src+="#?secret="+t,e.setAttribute("data-secret",t)),e.contentWindow.postMessage({message:"ready",secret:t},"*")},!1)))}(window,document);
//# sourceURL=https://www.eldiariodetucuman.com/web/wp-includes/js/wp-embed.min.js
/* ]]> */
</script>

El gigantesco entramado conflictivo de Facebook y Cambridge Analytica repercutió también en el plano económico, ya que Mark Zuckerberg perdió más de seis mil millones de dólares tras las caídas de las acciones de la red social el lunes, luego de que se diera a conocerse que los datos de más de 50 millones de [&hellip;]
