{"version":"1.0","provider_name":"El Diario de Tucuman","provider_url":"https:\/\/www.eldiariodetucuman.com\/web","title":"El argentino Pella tendr\u00e1 un dif\u00edcil estreno en Doha - El Diario de Tucuman","type":"rich","width":600,"height":338,"html":"<blockquote class=\"wp-embedded-content\" data-secret=\"dKpxK4iS6F\"><a href=\"https:\/\/www.eldiariodetucuman.com\/web\/argentino-pella-tendra-dificil-estreno-doha\/\">El argentino Pella tendr\u00e1 un dif\u00edcil estreno en Doha<\/a><\/blockquote><iframe sandbox=\"allow-scripts\" security=\"restricted\" src=\"https:\/\/www.eldiariodetucuman.com\/web\/argentino-pella-tendra-dificil-estreno-doha\/embed\/#?secret=dKpxK4iS6F\" width=\"600\" height=\"338\" title=\"\u00abEl argentino Pella tendr\u00e1 un dif\u00edcil estreno en Doha\u00bb \u2014 El Diario de Tucuman\" data-secret=\"dKpxK4iS6F\" frameborder=\"0\" marginwidth=\"0\" marginheight=\"0\" scrolling=\"no\" class=\"wp-embedded-content\"><\/iframe><script type=\"text\/javascript\">\n\/* <![CDATA[ *\/\n\/*! This file is auto-generated *\/\n!function(d,l){\"use strict\";l.querySelector&&d.addEventListener&&\"undefined\"!=typeof URL&&(d.wp=d.wp||{},d.wp.receiveEmbedMessage||(d.wp.receiveEmbedMessage=function(e){var t=e.data;if((t||t.secret||t.message||t.value)&&!\/[^a-zA-Z0-9]\/.test(t.secret)){for(var s,r,n,a=l.querySelectorAll('iframe[data-secret=\"'+t.secret+'\"]'),o=l.querySelectorAll('blockquote[data-secret=\"'+t.secret+'\"]'),c=new RegExp(\"^https?:$\",\"i\"),i=0;i<o.length;i++)o[i].style.display=\"none\";for(i=0;i<a.length;i++)s=a[i],e.source===s.contentWindow&&(s.removeAttribute(\"style\"),\"height\"===t.message?(1e3<(r=parseInt(t.value,10))?r=1e3:~~r<200&&(r=200),s.height=r):\"link\"===t.message&&(r=new URL(s.getAttribute(\"src\")),n=new URL(t.value),c.test(n.protocol))&&n.host===r.host&&l.activeElement===s&&(d.top.location.href=t.value))}},d.addEventListener(\"message\",d.wp.receiveEmbedMessage,!1),l.addEventListener(\"DOMContentLoaded\",function(){for(var e,t,s=l.querySelectorAll(\"iframe.wp-embedded-content\"),r=0;r<s.length;r++)(t=(e=s[r]).getAttribute(\"data-secret\"))||(t=Math.random().toString(36).substring(2,12),e.src+=\"#?secret=\"+t,e.setAttribute(\"data-secret\",t)),e.contentWindow.postMessage({message:\"ready\",secret:t},\"*\")},!1)))}(window,document);\n\/\/# sourceURL=https:\/\/www.eldiariodetucuman.com\/web\/wp-includes\/js\/wp-embed.min.js\n\/* ]]> *\/\n<\/script>\n","thumbnail_url":"https:\/\/www.eldiariodetucuman.com\/web\/wp-content\/uploads\/2018\/01\/89462ea5cee9f8d49c254f4f7e88cc67.jpeg","thumbnail_width":1500,"thumbnail_height":850,"description":"El argentino Guido Pella asumir\u00e1 un dif\u00edcil estreno en el ATP 250 de tenis de Doha, Qatar, uno de los cert\u00e1menes que marcar\u00e1 el arranque de la temporada 2018 del circuito internacional. El zurdo bahiense, de 27 a\u00f1os y ubicado en el puesto 64 del ranking mundial, se topar\u00e1 -en principio, este martes 2 de [&hellip;]"}

El argentino Pella tendrá un difícil estreno en Doha - El Diario de Tucuman

<blockquote class="wp-embedded-content" data-secret="dKpxK4iS6F"><a href="https://www.eldiariodetucuman.com/web/argentino-pella-tendra-dificil-estreno-doha/">El argentino Pella tendrá un difícil estreno en Doha</a></blockquote><iframe sandbox="allow-scripts" security="restricted" src="https://www.eldiariodetucuman.com/web/argentino-pella-tendra-dificil-estreno-doha/embed/#?secret=dKpxK4iS6F" width="600" height="338" title="«El argentino Pella tendrá un difícil estreno en Doha» — El Diario de Tucuman" data-secret="dKpxK4iS6F" frameborder="0" marginwidth="0" marginheight="0" scrolling="no" class="wp-embedded-content"></iframe><script type="text/javascript">
/* <![CDATA[ */
/*! This file is auto-generated */
!function(d,l){"use strict";l.querySelector&&d.addEventListener&&"undefined"!=typeof URL&&(d.wp=d.wp||{},d.wp.receiveEmbedMessage||(d.wp.receiveEmbedMessage=function(e){var t=e.data;if((t||t.secret||t.message||t.value)&&!/[^a-zA-Z0-9]/.test(t.secret)){for(var s,r,n,a=l.querySelectorAll('iframe[data-secret="'+t.secret+'"]'),o=l.querySelectorAll('blockquote[data-secret="'+t.secret+'"]'),c=new RegExp("^https?:$","i"),i=0;i<o.length;i++)o[i].style.display="none";for(i=0;i<a.length;i++)s=a[i],e.source===s.contentWindow&&(s.removeAttribute("style"),"height"===t.message?(1e3<(r=parseInt(t.value,10))?r=1e3:~~r<200&&(r=200),s.height=r):"link"===t.message&&(r=new URL(s.getAttribute("src")),n=new URL(t.value),c.test(n.protocol))&&n.host===r.host&&l.activeElement===s&&(d.top.location.href=t.value))}},d.addEventListener("message",d.wp.receiveEmbedMessage,!1),l.addEventListener("DOMContentLoaded",function(){for(var e,t,s=l.querySelectorAll("iframe.wp-embedded-content"),r=0;r<s.length;r++)(t=(e=s[r]).getAttribute("data-secret"))||(t=Math.random().toString(36).substring(2,12),e.src+="#?secret="+t,e.setAttribute("data-secret",t)),e.contentWindow.postMessage({message:"ready",secret:t},"*")},!1)))}(window,document);
//# sourceURL=https://www.eldiariodetucuman.com/web/wp-includes/js/wp-embed.min.js
/* ]]> */
</script>

El argentino Guido Pella asumirá un difícil estreno en el ATP 250 de tenis de Doha, Qatar, uno de los certámenes que marcará el arranque de la temporada 2018 del circuito internacional. El zurdo bahiense, de 27 años y ubicado en el puesto 64 del ranking mundial, se topará -en principio, este martes 2 de [&hellip;]
