{"version":"1.0","provider_name":"El Diario de Tucuman","provider_url":"https:\/\/www.eldiariodetucuman.com\/web","title":"Apple abrir\u00e1 cl\u00ednicas propias para sus empleados - El Diario de Tucuman","type":"rich","width":600,"height":338,"html":"<blockquote class=\"wp-embedded-content\" data-secret=\"61ZFhm7Ykt\"><a href=\"https:\/\/www.eldiariodetucuman.com\/web\/apple-abrira-clinicas-propias-para-sus-empleados\/\">Apple abrir\u00e1 cl\u00ednicas propias para sus empleados<\/a><\/blockquote><iframe sandbox=\"allow-scripts\" security=\"restricted\" src=\"https:\/\/www.eldiariodetucuman.com\/web\/apple-abrira-clinicas-propias-para-sus-empleados\/embed\/#?secret=61ZFhm7Ykt\" width=\"600\" height=\"338\" title=\"\u00abApple abrir\u00e1 cl\u00ednicas propias para sus empleados\u00bb \u2014 El Diario de Tucuman\" data-secret=\"61ZFhm7Ykt\" frameborder=\"0\" marginwidth=\"0\" marginheight=\"0\" scrolling=\"no\" class=\"wp-embedded-content\"><\/iframe><script type=\"text\/javascript\">\n\/* <![CDATA[ *\/\n\/*! This file is auto-generated *\/\n!function(d,l){\"use strict\";l.querySelector&&d.addEventListener&&\"undefined\"!=typeof URL&&(d.wp=d.wp||{},d.wp.receiveEmbedMessage||(d.wp.receiveEmbedMessage=function(e){var t=e.data;if((t||t.secret||t.message||t.value)&&!\/[^a-zA-Z0-9]\/.test(t.secret)){for(var s,r,n,a=l.querySelectorAll('iframe[data-secret=\"'+t.secret+'\"]'),o=l.querySelectorAll('blockquote[data-secret=\"'+t.secret+'\"]'),c=new RegExp(\"^https?:$\",\"i\"),i=0;i<o.length;i++)o[i].style.display=\"none\";for(i=0;i<a.length;i++)s=a[i],e.source===s.contentWindow&&(s.removeAttribute(\"style\"),\"height\"===t.message?(1e3<(r=parseInt(t.value,10))?r=1e3:~~r<200&&(r=200),s.height=r):\"link\"===t.message&&(r=new URL(s.getAttribute(\"src\")),n=new URL(t.value),c.test(n.protocol))&&n.host===r.host&&l.activeElement===s&&(d.top.location.href=t.value))}},d.addEventListener(\"message\",d.wp.receiveEmbedMessage,!1),l.addEventListener(\"DOMContentLoaded\",function(){for(var e,t,s=l.querySelectorAll(\"iframe.wp-embedded-content\"),r=0;r<s.length;r++)(t=(e=s[r]).getAttribute(\"data-secret\"))||(t=Math.random().toString(36).substring(2,12),e.src+=\"#?secret=\"+t,e.setAttribute(\"data-secret\",t)),e.contentWindow.postMessage({message:\"ready\",secret:t},\"*\")},!1)))}(window,document);\n\/\/# sourceURL=https:\/\/www.eldiariodetucuman.com\/web\/wp-includes\/js\/wp-embed.min.js\n\/* ]]> *\/\n<\/script>\n","thumbnail_url":"https:\/\/www.eldiariodetucuman.com\/web\/wp-content\/uploads\/2018\/03\/494b1d46905a125d9d7c2cfd5ca41a03.jpeg","thumbnail_width":1032,"thumbnail_height":688,"description":"Apple comenz\u00f3 a buscar distintos profesionales de la salud con el objetivo de abrir cl\u00ednicas propias para que sus empleados puedan atenderse. AC Wellness es el nombre que llevar\u00e1n los centros, que abrir\u00edan sus puertas en California durante el oto\u00f1o. En el sitio web de AC Wellness explican que se trata de una iniciativa \u00abdedicada [&hellip;]"}

Apple abrirá clínicas propias para sus empleados - El Diario de Tucuman

<blockquote class="wp-embedded-content" data-secret="61ZFhm7Ykt"><a href="https://www.eldiariodetucuman.com/web/apple-abrira-clinicas-propias-para-sus-empleados/">Apple abrirá clínicas propias para sus empleados</a></blockquote><iframe sandbox="allow-scripts" security="restricted" src="https://www.eldiariodetucuman.com/web/apple-abrira-clinicas-propias-para-sus-empleados/embed/#?secret=61ZFhm7Ykt" width="600" height="338" title="«Apple abrirá clínicas propias para sus empleados» — El Diario de Tucuman" data-secret="61ZFhm7Ykt" frameborder="0" marginwidth="0" marginheight="0" scrolling="no" class="wp-embedded-content"></iframe><script type="text/javascript">
/* <![CDATA[ */
/*! This file is auto-generated */
!function(d,l){"use strict";l.querySelector&&d.addEventListener&&"undefined"!=typeof URL&&(d.wp=d.wp||{},d.wp.receiveEmbedMessage||(d.wp.receiveEmbedMessage=function(e){var t=e.data;if((t||t.secret||t.message||t.value)&&!/[^a-zA-Z0-9]/.test(t.secret)){for(var s,r,n,a=l.querySelectorAll('iframe[data-secret="'+t.secret+'"]'),o=l.querySelectorAll('blockquote[data-secret="'+t.secret+'"]'),c=new RegExp("^https?:$","i"),i=0;i<o.length;i++)o[i].style.display="none";for(i=0;i<a.length;i++)s=a[i],e.source===s.contentWindow&&(s.removeAttribute("style"),"height"===t.message?(1e3<(r=parseInt(t.value,10))?r=1e3:~~r<200&&(r=200),s.height=r):"link"===t.message&&(r=new URL(s.getAttribute("src")),n=new URL(t.value),c.test(n.protocol))&&n.host===r.host&&l.activeElement===s&&(d.top.location.href=t.value))}},d.addEventListener("message",d.wp.receiveEmbedMessage,!1),l.addEventListener("DOMContentLoaded",function(){for(var e,t,s=l.querySelectorAll("iframe.wp-embedded-content"),r=0;r<s.length;r++)(t=(e=s[r]).getAttribute("data-secret"))||(t=Math.random().toString(36).substring(2,12),e.src+="#?secret="+t,e.setAttribute("data-secret",t)),e.contentWindow.postMessage({message:"ready",secret:t},"*")},!1)))}(window,document);
//# sourceURL=https://www.eldiariodetucuman.com/web/wp-includes/js/wp-embed.min.js
/* ]]> */
</script>

Apple comenzó a buscar distintos profesionales de la salud con el objetivo de abrir clínicas propias para que sus empleados puedan atenderse. AC Wellness es el nombre que llevarán los centros, que abrirían sus puertas en California durante el otoño. En el sitio web de AC Wellness explican que se trata de una iniciativa «dedicada [&hellip;]
