{"version":"1.0","provider_name":"El Diario de Tucuman","provider_url":"https:\/\/www.eldiariodetucuman.com\/web","title":"Al Papa no se le escapa nada - El Diario de Tucuman","type":"rich","width":600,"height":338,"html":"<blockquote class=\"wp-embedded-content\" data-secret=\"doV0qHRTMb\"><a href=\"https:\/\/www.eldiariodetucuman.com\/web\/al-papa-no-se-le-escapa-nada\/\">Al Papa no se le escapa nada<\/a><\/blockquote><iframe sandbox=\"allow-scripts\" security=\"restricted\" src=\"https:\/\/www.eldiariodetucuman.com\/web\/al-papa-no-se-le-escapa-nada\/embed\/#?secret=doV0qHRTMb\" width=\"600\" height=\"338\" title=\"\u00abAl Papa no se le escapa nada\u00bb \u2014 El Diario de Tucuman\" data-secret=\"doV0qHRTMb\" frameborder=\"0\" marginwidth=\"0\" marginheight=\"0\" scrolling=\"no\" class=\"wp-embedded-content\"><\/iframe><script type=\"text\/javascript\">\n\/* <![CDATA[ *\/\n\/*! This file is auto-generated *\/\n!function(d,l){\"use strict\";l.querySelector&&d.addEventListener&&\"undefined\"!=typeof URL&&(d.wp=d.wp||{},d.wp.receiveEmbedMessage||(d.wp.receiveEmbedMessage=function(e){var t=e.data;if((t||t.secret||t.message||t.value)&&!\/[^a-zA-Z0-9]\/.test(t.secret)){for(var s,r,n,a=l.querySelectorAll('iframe[data-secret=\"'+t.secret+'\"]'),o=l.querySelectorAll('blockquote[data-secret=\"'+t.secret+'\"]'),c=new RegExp(\"^https?:$\",\"i\"),i=0;i<o.length;i++)o[i].style.display=\"none\";for(i=0;i<a.length;i++)s=a[i],e.source===s.contentWindow&&(s.removeAttribute(\"style\"),\"height\"===t.message?(1e3<(r=parseInt(t.value,10))?r=1e3:~~r<200&&(r=200),s.height=r):\"link\"===t.message&&(r=new URL(s.getAttribute(\"src\")),n=new URL(t.value),c.test(n.protocol))&&n.host===r.host&&l.activeElement===s&&(d.top.location.href=t.value))}},d.addEventListener(\"message\",d.wp.receiveEmbedMessage,!1),l.addEventListener(\"DOMContentLoaded\",function(){for(var e,t,s=l.querySelectorAll(\"iframe.wp-embedded-content\"),r=0;r<s.length;r++)(t=(e=s[r]).getAttribute(\"data-secret\"))||(t=Math.random().toString(36).substring(2,12),e.src+=\"#?secret=\"+t,e.setAttribute(\"data-secret\",t)),e.contentWindow.postMessage({message:\"ready\",secret:t},\"*\")},!1)))}(window,document);\n\/\/# sourceURL=https:\/\/www.eldiariodetucuman.com\/web\/wp-includes\/js\/wp-embed.min.js\n\/* ]]> *\/\n<\/script>\n","thumbnail_url":"https:\/\/www.eldiariodetucuman.com\/web\/wp-content\/uploads\/2018\/03\/1f0d41c587d11f5a222a4e2a3cf4c3b1.jpeg","thumbnail_width":970,"thumbnail_height":546,"description":"Por Alicia Barriosabarrios@cronica.com.ar La carta se entiende por s\u00ed misma. No precisa explicaciones. S\u00ed, hay que profundizar en el pensamiento del Papa. El primer paso es tomar en cuenta los cuatro principios que \u00e9l enunci\u00f3 como gu\u00eda del pensamiento y de la acci\u00f3n cuando era provincial de los jesuitas. Tal cual lo expres\u00f3: \u00abla totalidad [&hellip;]"}

Por Alicia Barriosabarrios@cronica.com.ar La carta se entiende por sí misma. No precisa explicaciones. Sí, hay que profundizar en el pensamiento del Papa. El primer paso es tomar en cuenta los cuatro principios que él enunció como guía del pensamiento y de la acción cuando era provincial de los jesuitas. Tal cual lo expresó: «la totalidad [&hellip;]
